{"id":978,"date":"2023-03-01T11:02:15","date_gmt":"2023-03-01T10:02:15","guid":{"rendered":"https:\/\/www.humusformen.de\/?page_id=978"},"modified":"2024-07-12T09:39:26","modified_gmt":"2024-07-12T07:39:26","slug":"datenschutz","status":"publish","type":"page","link":"https:\/\/www.humusformen.de\/?page_id=978","title":{"rendered":"Datenschutz"},"content":{"rendered":"<p><strong>Datenschutzhinweise (DSGVO 25.5.2018)<\/strong><\/p>\n<p>humusformen.de ist eine Internetseite der AG Humusformen, einer Arbeitsgruppe der Deutschen Bodenkundlichen Gesellschaft<\/p>\n<p><strong>Verantwortlich im Sinne des Presserechtes (Rechtstr\u00e4gerschaft)<br \/>\n<\/strong><\/p>\n<p>Deutsche Bodenkundliche Gesellschaft<\/p>\n<p>Gesch\u00e4ftsstelle: F&amp;U confirm<br \/>\nim Leipziger KUBUS, Zimmer 130 | Erdgeschoss<br \/>\nPermoserstra\u00dfe 15, 04318 Leipzig<\/p>\n<p>Tel.: 0341-6025 1830<br \/>\n<a href=\"mailto:dbg@dbges.de\">e-mail\u00a0 <\/a>\/Webseite:\u00a0 <a href=\"https:\/\/www.dbges.de\/de\">www.dbges.de<\/a><\/p>\n<p>Vorstand: Pr\u00e4sidentin: Prof. Dr. Daniela Sauer<br \/>\nVizepr\u00e4sidentInnen: Dr. Einar Eberhardt, Prof. Dr. S\u00f6ren Thiele-Bruhn, Prof. Dr. Doris Vetterlein<\/p>\n<p>Wissenschaftliche Gesch\u00e4ftsf\u00fchrung: Dr. Daniel Schwindt<br \/>\nAdministrative Gesch\u00e4ftsf\u00fchrung: F&amp;U confirm<\/p>\n<p><strong>Erhebung und Verarbeitung personenbezogener Daten<\/strong><\/p>\n<p>Bei jedem Zugriff auf unsere Websites und bei jedem Abruf einer Datei werden Zugriffsdaten \u00fcber diesen Vorgang in einer Protokolldatei beim Server unseres Providers gespeichert. Diese Daten werden anonym erhoben und k\u00f6nnen technisch nicht bestimmten Personen zugeordnet werden. Eine Zusammenf\u00fchrung dieser Daten mit anderen Datenquellen wird nicht vorgenommen; die Daten werden zudem nach einer statistischen Auswertung gel\u00f6scht und nicht als einzelner Datensatz vorgehalten.<\/p>\n<p>Bei jedem Zugriff auf unsere Websites und bei jedem Abruf einer Datei werden auch statische IP-Adressen in einer Protokolldatei des Servers erfasst und automatisiert gespeichert. Statische IP-Adressen k\u00f6nnen unter Umst\u00e4nden R\u00fcckschluss auf die Person des Nutzers erm\u00f6glichen. Wir f\u00fchren dahingehend weder Auswertungen durch, noch nutzen wir derartige Daten f\u00fcr eigene werbliche Zwecke oder halten diese f\u00fcr Dritte zur Nutzung vor. Sie k\u00f6nnen unsere Websites besuchen, ohne Angaben zu Ihrer Person zu machen.<\/p>\n<p><strong>Cookies<\/strong><\/p>\n<p>Diese Internetseite verwendet keine Cookies.<\/p>\n<p><strong>Pers\u00f6nliche Kommunikation<\/strong><\/p>\n<p>Sollte die Deutsche Bodenkundliche Gesellschaft bzw. die AG Bodensystematik eine\/r der auf dieser Website genannten Ansprechpartner*innen eine E-Mail von Ihnen erhalten, so wird davon ausgegangen, dass wir zu einer Beantwortung per E-Mail berechtigt sind. Mit der Eingabe von personenbezogenen Daten erkl\u00e4ren Sie zugleich Ihr Einverst\u00e4ndnis damit, dass diese von uns erfasst, gespeichert und verarbeitet werden.<\/p>\n<p>Soweit Sie mit uns per E-Mail korrespondieren wollen, ist Ihnen bewusst, dass E-Mails nur bedingt sicher sind und nur bei Anwendung entsprechender Verschl\u00fcsselungsprogramme die Vertraulichkeit der E-Mail und einer von Ihnen gew\u00fcnschten Antwort sichergestellt werden kann. Verschl\u00fcsselungsprogramme werden nur auf ausdr\u00fccklichen Wunsch eingesetzt. Durch die \u00dcbersendung von E-Mails an uns best\u00e4tigen Sie, dass Sie die Risiken kennen.<\/p>\n<p>Es findet keine Weitergabe Ihrer personenbezogenen Daten an Dritte statt, es sei denn, Sie haben Ihre Einwilligung dazu erteilt oder wir sind aufgrund gesetzlicher Vorschriften und entsprechender gerichtlicher oder beh\u00f6rdlicher Anordnung in Ausnahmef\u00e4llen hierzu verpflichtet.<\/p>\n<p><strong>Aufbewahrung<\/strong><\/p>\n<p>Ihre Daten werden solange aufbewahrt und gespeichert, wie dies f\u00fcr den Zeck erforderlich ist, f\u00fcr den die Daten in zul\u00e4ssiger Weise erhoben wurden, bzw. wie eine Aufbewahrung aufgrund gesetzlicher oder rechtlicher Pflichten vorgeschrieben ist.<\/p>\n<p><strong>Vertraulichkeit und Sicherheit<\/strong><\/p>\n<p>Wir werden Ihre Daten vertraulich behandeln und entsprechend unseren \u00fcblichen Verfahren und gem\u00e4\u00df allen anwendbaren Gesetzen sch\u00fctzen.<\/p>\n<p><strong>Ihre Rechte<\/strong><\/p>\n<p>Sie k\u00f6nnen jederzeit Auskunft \u00fcber die \u00fcber Sie gespeicherten personenbezogenen Daten erhalten oder diese einsehen. Sind diese Daten unrichtig, so k\u00f6nnen Sie deren Berichtigung verlangen.<\/p>\n<p>Falls Sie mit der Speicherung Ihrer Daten nicht einverstanden sein sollten, k\u00f6nnen Sie jederzeit auf postalischem Wege oder per E-Mail mit Wirkung die L\u00f6schung der Daten verlangen. Im diesem Falle werden Ihre Daten entsprechend gel\u00f6scht. Ausgenommen hiervon bleiben jedoch Daten, deren L\u00f6schung gesetzliche und\/oder vertragsgem\u00e4\u00dfe Aufbewahrungsfristen entgegenstehen. Ferner sind Daten ausgenommen, welche f\u00fcr die Begr\u00fcndung, inhaltliche Ausgestaltung oder \u00c4nderung eines Vertragsverh\u00e4ltnisses mit uns erforderlich sind oder f\u00fcr Zwecke der Abrechnung gespeichert werden m\u00fcssen.<\/p>\n<p>F\u00fcr Ausk\u00fcnfte, L\u00f6schungsverlangen usw. wenden Sie sich bitte an die\/den \u201eAnsprechpartner*in\u201c am Ende dieser Website.<\/p>\n<p><strong>\u00dcberarbeitung dieser Hinweise<\/strong><\/p>\n<p>Durch Aktualisierung dieser Website k\u00f6nnen sich diese Hinweise von Zeit zu Zeit \u00e4ndern. Sie sollten diese Seite gelegentlich wieder aufrufen, um sicherzustellen, dass Sie auch mit eventuellen \u00c4nderungen einverstanden sind.<\/p>\n<p>Ansprechpartner*in<\/p>\n<p>Wenn Sie Fragen zu diesen Hinweisen haben, wenden Sie sich bitte an<\/p>\n<p>Gerhard Milbert \/ Egmondstra\u00dfe 37 \/ 47608 Geldern<br \/>\ngmilbert(at)outlook.de<\/p>\n","protected":false},"excerpt":{"rendered":"<p>Datenschutzhinweise (DSGVO 25.5.2018) humusformen.de ist eine Internetseite der AG Humusformen, einer Arbeitsgruppe der Deutschen Bodenkundlichen Gesellschaft Verantwortlich im Sinne des Presserechtes (Rechtstr\u00e4gerschaft) Deutsche Bodenkundliche Gesellschaft Gesch\u00e4ftsstelle: F&amp;U confirm im Leipziger KUBUS, Zimmer 130 | Erdgeschoss Permoserstra\u00dfe 15, 04318 Leipzig Tel.: &hellip; <a href=\"https:\/\/www.humusformen.de\/?page_id=978\">Weiterlesen <span class=\"meta-nav\">&rarr;<\/span><\/a><\/p>\n","protected":false},"author":1,"featured_media":0,"parent":0,"menu_order":0,"comment_status":"closed","ping_status":"closed","template":"","meta":{"footnotes":""},"yoast_head":"<!-- This site is optimized with the Yoast SEO plugin v21.7 - https:\/\/yoast.com\/wordpress\/plugins\/seo\/ -->\n<title>Datenschutz - Humusformen<\/title>\n<meta name=\"robots\" content=\"index, follow, max-snippet:-1, max-image-preview:large, max-video-preview:-1\" \/>\n<link rel=\"canonical\" href=\"https:\/\/www.humusformen.de\/?page_id=978\" \/>\n<meta property=\"og:locale\" content=\"de_DE\" \/>\n<meta property=\"og:type\" content=\"article\" \/>\n<meta property=\"og:title\" content=\"Datenschutz - Humusformen\" \/>\n<meta property=\"og:description\" content=\"Datenschutzhinweise (DSGVO 25.5.2018) humusformen.de ist eine Internetseite der AG Humusformen, einer Arbeitsgruppe der Deutschen Bodenkundlichen Gesellschaft Verantwortlich im Sinne des Presserechtes (Rechtstr\u00e4gerschaft) Deutsche Bodenkundliche Gesellschaft Gesch\u00e4ftsstelle: F&amp;U confirm im Leipziger KUBUS, Zimmer 130 | Erdgeschoss Permoserstra\u00dfe 15, 04318 Leipzig Tel.: &hellip; Weiterlesen &rarr;\" \/>\n<meta property=\"og:url\" content=\"https:\/\/www.humusformen.de\/?page_id=978\" \/>\n<meta property=\"og:site_name\" content=\"Humusformen\" \/>\n<meta property=\"article:modified_time\" content=\"2024-07-12T07:39:26+00:00\" \/>\n<meta name=\"twitter:card\" content=\"summary_large_image\" \/>\n<meta name=\"twitter:label1\" content=\"Gesch\u00e4tzte Lesezeit\" \/>\n\t<meta name=\"twitter:data1\" content=\"4 Minuten\" \/>\n<script type=\"application\/ld+json\" class=\"yoast-schema-graph\">{\"@context\":\"https:\/\/schema.org\",\"@graph\":[{\"@type\":\"WebPage\",\"@id\":\"https:\/\/www.humusformen.de\/?page_id=978\",\"url\":\"https:\/\/www.humusformen.de\/?page_id=978\",\"name\":\"Datenschutz - Humusformen\",\"isPartOf\":{\"@id\":\"https:\/\/www.humusformen.de\/#website\"},\"datePublished\":\"2023-03-01T10:02:15+00:00\",\"dateModified\":\"2024-07-12T07:39:26+00:00\",\"breadcrumb\":{\"@id\":\"https:\/\/www.humusformen.de\/?page_id=978#breadcrumb\"},\"inLanguage\":\"de-DE\",\"potentialAction\":[{\"@type\":\"ReadAction\",\"target\":[\"https:\/\/www.humusformen.de\/?page_id=978\"]}]},{\"@type\":\"BreadcrumbList\",\"@id\":\"https:\/\/www.humusformen.de\/?page_id=978#breadcrumb\",\"itemListElement\":[{\"@type\":\"ListItem\",\"position\":1,\"name\":\"Startseite\",\"item\":\"https:\/\/www.humusformen.de\/\"},{\"@type\":\"ListItem\",\"position\":2,\"name\":\"Datenschutz\"}]},{\"@type\":\"WebSite\",\"@id\":\"https:\/\/www.humusformen.de\/#website\",\"url\":\"https:\/\/www.humusformen.de\/\",\"name\":\"Humusformen\",\"description\":\"AG Humusformen der Deutschen Bodenkundlichen Gesellschaft\",\"potentialAction\":[{\"@type\":\"SearchAction\",\"target\":{\"@type\":\"EntryPoint\",\"urlTemplate\":\"https:\/\/www.humusformen.de\/?s={search_term_string}\"},\"query-input\":\"required name=search_term_string\"}],\"inLanguage\":\"de-DE\"}]}<\/script>\n<!-- \/ Yoast SEO plugin. -->","yoast_head_json":{"title":"Datenschutz - Humusformen","robots":{"index":"index","follow":"follow","max-snippet":"max-snippet:-1","max-image-preview":"max-image-preview:large","max-video-preview":"max-video-preview:-1"},"canonical":"https:\/\/www.humusformen.de\/?page_id=978","og_locale":"de_DE","og_type":"article","og_title":"Datenschutz - Humusformen","og_description":"Datenschutzhinweise (DSGVO 25.5.2018) humusformen.de ist eine Internetseite der AG Humusformen, einer Arbeitsgruppe der Deutschen Bodenkundlichen Gesellschaft Verantwortlich im Sinne des Presserechtes (Rechtstr\u00e4gerschaft) Deutsche Bodenkundliche Gesellschaft Gesch\u00e4ftsstelle: F&amp;U confirm im Leipziger KUBUS, Zimmer 130 | Erdgeschoss Permoserstra\u00dfe 15, 04318 Leipzig Tel.: &hellip; Weiterlesen &rarr;","og_url":"https:\/\/www.humusformen.de\/?page_id=978","og_site_name":"Humusformen","article_modified_time":"2024-07-12T07:39:26+00:00","twitter_card":"summary_large_image","twitter_misc":{"Gesch\u00e4tzte Lesezeit":"4 Minuten"},"schema":{"@context":"https:\/\/schema.org","@graph":[{"@type":"WebPage","@id":"https:\/\/www.humusformen.de\/?page_id=978","url":"https:\/\/www.humusformen.de\/?page_id=978","name":"Datenschutz - Humusformen","isPartOf":{"@id":"https:\/\/www.humusformen.de\/#website"},"datePublished":"2023-03-01T10:02:15+00:00","dateModified":"2024-07-12T07:39:26+00:00","breadcrumb":{"@id":"https:\/\/www.humusformen.de\/?page_id=978#breadcrumb"},"inLanguage":"de-DE","potentialAction":[{"@type":"ReadAction","target":["https:\/\/www.humusformen.de\/?page_id=978"]}]},{"@type":"BreadcrumbList","@id":"https:\/\/www.humusformen.de\/?page_id=978#breadcrumb","itemListElement":[{"@type":"ListItem","position":1,"name":"Startseite","item":"https:\/\/www.humusformen.de\/"},{"@type":"ListItem","position":2,"name":"Datenschutz"}]},{"@type":"WebSite","@id":"https:\/\/www.humusformen.de\/#website","url":"https:\/\/www.humusformen.de\/","name":"Humusformen","description":"AG Humusformen der Deutschen Bodenkundlichen Gesellschaft","potentialAction":[{"@type":"SearchAction","target":{"@type":"EntryPoint","urlTemplate":"https:\/\/www.humusformen.de\/?s={search_term_string}"},"query-input":"required name=search_term_string"}],"inLanguage":"de-DE"}]}},"_links":{"self":[{"href":"https:\/\/www.humusformen.de\/index.php?rest_route=\/wp\/v2\/pages\/978"}],"collection":[{"href":"https:\/\/www.humusformen.de\/index.php?rest_route=\/wp\/v2\/pages"}],"about":[{"href":"https:\/\/www.humusformen.de\/index.php?rest_route=\/wp\/v2\/types\/page"}],"author":[{"embeddable":true,"href":"https:\/\/www.humusformen.de\/index.php?rest_route=\/wp\/v2\/users\/1"}],"replies":[{"embeddable":true,"href":"https:\/\/www.humusformen.de\/index.php?rest_route=%2Fwp%2Fv2%2Fcomments&post=978"}],"version-history":[{"count":6,"href":"https:\/\/www.humusformen.de\/index.php?rest_route=\/wp\/v2\/pages\/978\/revisions"}],"predecessor-version":[{"id":1099,"href":"https:\/\/www.humusformen.de\/index.php?rest_route=\/wp\/v2\/pages\/978\/revisions\/1099"}],"wp:attachment":[{"href":"https:\/\/www.humusformen.de\/index.php?rest_route=%2Fwp%2Fv2%2Fmedia&parent=978"}],"curies":[{"name":"wp","href":"https:\/\/api.w.org\/{rel}","templated":true}]}}