{"id":566,"date":"2021-11-24T16:29:54","date_gmt":"2021-11-24T15:29:54","guid":{"rendered":"https:\/\/www.humusformen.de\/?page_id=566"},"modified":"2022-01-17T13:25:48","modified_gmt":"2022-01-17T12:25:48","slug":"hagerhumus-xh","status":"publish","type":"page","link":"https:\/\/www.humusformen.de\/?page_id=566","title":{"rendered":"Hagerhumus"},"content":{"rendered":"<p><strong>XH\u00a0\u00a0\u00a0\u00a0\u00a0\u00a0\u00a0\u00a0\u00a0\u00a0\u00a0\u00a0\u00a0\u00a0\u00a0\u00a0\u00a0 Typ Hagerhumus<\/strong><\/p>\n<p>Streuexport z.\u00a0B. durch Verwehung f\u00fchrt zu deutlich vermindertem N\u00e4hrstoffangebot und einer Verschlechterung des Oberbodenzustandes. In der Regel wird im obersten Mineralboden, bis zu einer Tiefe von 1\u00a0cm, Einzelkorngef\u00fcge oder koh\u00e4rentes Gef\u00fcge\u00a0 (bindige B\u00f6den) beobachtet. Bei Vergesellschaftung von Hagerhumus und Auflagehumusformen ist der Oh-Horizont nur noch stellenweise vorhanden. Hagerhumus ist von Mullhumusformen mit Ax-Horizonten deutlich durch schlechtere Gef\u00fcgeformen im A-Horizont zu unterscheiden. Hagerhumus ist gekennzeichnet durch:<\/p>\n<ul>\n<li>weitgehende Freilegung der Mineralbodenoberfl\u00e4che oder<\/li>\n<li>stellenweise krustige Mineralbodenoberfl\u00e4che (Oberfl\u00e4che von Algen, Flechten oder mit einer d\u00fcnnen Moosbedeckung \u00fcberzogen)<\/li>\n<\/ul>\n<blockquote>\n<p style=\"text-align: center;\">\n<\/blockquote>\n","protected":false},"excerpt":{"rendered":"<p>XH\u00a0\u00a0\u00a0\u00a0\u00a0\u00a0\u00a0\u00a0\u00a0\u00a0\u00a0\u00a0\u00a0\u00a0\u00a0\u00a0\u00a0 Typ Hagerhumus Streuexport z.\u00a0B. durch Verwehung f\u00fchrt zu deutlich vermindertem N\u00e4hrstoffangebot und einer Verschlechterung des Oberbodenzustandes. In der Regel wird im obersten Mineralboden, bis zu einer Tiefe von 1\u00a0cm, Einzelkorngef\u00fcge oder koh\u00e4rentes Gef\u00fcge\u00a0 (bindige B\u00f6den) beobachtet. Bei Vergesellschaftung von &hellip; <a href=\"https:\/\/www.humusformen.de\/?page_id=566\">Weiterlesen <span class=\"meta-nav\">&rarr;<\/span><\/a><\/p>\n","protected":false},"author":1,"featured_media":0,"parent":174,"menu_order":1,"comment_status":"closed","ping_status":"closed","template":"","meta":{"footnotes":""},"yoast_head":"<!-- This site is optimized with the Yoast SEO plugin v21.7 - https:\/\/yoast.com\/wordpress\/plugins\/seo\/ -->\n<title>Hagerhumus - Humusformen<\/title>\n<meta name=\"robots\" content=\"index, follow, max-snippet:-1, max-image-preview:large, max-video-preview:-1\" \/>\n<link rel=\"canonical\" href=\"https:\/\/www.humusformen.de\/?page_id=566\" \/>\n<meta property=\"og:locale\" content=\"de_DE\" \/>\n<meta property=\"og:type\" content=\"article\" \/>\n<meta property=\"og:title\" content=\"Hagerhumus - Humusformen\" \/>\n<meta property=\"og:description\" content=\"XH\u00a0\u00a0\u00a0\u00a0\u00a0\u00a0\u00a0\u00a0\u00a0\u00a0\u00a0\u00a0\u00a0\u00a0\u00a0\u00a0\u00a0 Typ Hagerhumus Streuexport z.\u00a0B. durch Verwehung f\u00fchrt zu deutlich vermindertem N\u00e4hrstoffangebot und einer Verschlechterung des Oberbodenzustandes. In der Regel wird im obersten Mineralboden, bis zu einer Tiefe von 1\u00a0cm, Einzelkorngef\u00fcge oder koh\u00e4rentes Gef\u00fcge\u00a0 (bindige B\u00f6den) beobachtet. Bei Vergesellschaftung von &hellip; Weiterlesen &rarr;\" \/>\n<meta property=\"og:url\" content=\"https:\/\/www.humusformen.de\/?page_id=566\" \/>\n<meta property=\"og:site_name\" content=\"Humusformen\" \/>\n<meta property=\"article:modified_time\" content=\"2022-01-17T12:25:48+00:00\" \/>\n<meta name=\"twitter:card\" content=\"summary_large_image\" \/>\n<script type=\"application\/ld+json\" class=\"yoast-schema-graph\">{\"@context\":\"https:\/\/schema.org\",\"@graph\":[{\"@type\":\"WebPage\",\"@id\":\"https:\/\/www.humusformen.de\/?page_id=566\",\"url\":\"https:\/\/www.humusformen.de\/?page_id=566\",\"name\":\"Hagerhumus - Humusformen\",\"isPartOf\":{\"@id\":\"https:\/\/www.humusformen.de\/#website\"},\"datePublished\":\"2021-11-24T15:29:54+00:00\",\"dateModified\":\"2022-01-17T12:25:48+00:00\",\"breadcrumb\":{\"@id\":\"https:\/\/www.humusformen.de\/?page_id=566#breadcrumb\"},\"inLanguage\":\"de-DE\",\"potentialAction\":[{\"@type\":\"ReadAction\",\"target\":[\"https:\/\/www.humusformen.de\/?page_id=566\"]}]},{\"@type\":\"BreadcrumbList\",\"@id\":\"https:\/\/www.humusformen.de\/?page_id=566#breadcrumb\",\"itemListElement\":[{\"@type\":\"ListItem\",\"position\":1,\"name\":\"Startseite\",\"item\":\"https:\/\/www.humusformen.de\/\"},{\"@type\":\"ListItem\",\"position\":2,\"name\":\"Humusformen\",\"item\":\"https:\/\/www.humusformen.de\/?page_id=113\"},{\"@type\":\"ListItem\",\"position\":3,\"name\":\"Hager- und Streunnutzungs-Humusformen\",\"item\":\"https:\/\/www.humusformen.de\/?page_id=174\"},{\"@type\":\"ListItem\",\"position\":4,\"name\":\"Hagerhumus\"}]},{\"@type\":\"WebSite\",\"@id\":\"https:\/\/www.humusformen.de\/#website\",\"url\":\"https:\/\/www.humusformen.de\/\",\"name\":\"Humusformen\",\"description\":\"AG Humusformen der Deutschen Bodenkundlichen Gesellschaft\",\"potentialAction\":[{\"@type\":\"SearchAction\",\"target\":{\"@type\":\"EntryPoint\",\"urlTemplate\":\"https:\/\/www.humusformen.de\/?s={search_term_string}\"},\"query-input\":\"required name=search_term_string\"}],\"inLanguage\":\"de-DE\"}]}<\/script>\n<!-- \/ Yoast SEO plugin. -->","yoast_head_json":{"title":"Hagerhumus - Humusformen","robots":{"index":"index","follow":"follow","max-snippet":"max-snippet:-1","max-image-preview":"max-image-preview:large","max-video-preview":"max-video-preview:-1"},"canonical":"https:\/\/www.humusformen.de\/?page_id=566","og_locale":"de_DE","og_type":"article","og_title":"Hagerhumus - Humusformen","og_description":"XH\u00a0\u00a0\u00a0\u00a0\u00a0\u00a0\u00a0\u00a0\u00a0\u00a0\u00a0\u00a0\u00a0\u00a0\u00a0\u00a0\u00a0 Typ Hagerhumus Streuexport z.\u00a0B. durch Verwehung f\u00fchrt zu deutlich vermindertem N\u00e4hrstoffangebot und einer Verschlechterung des Oberbodenzustandes. In der Regel wird im obersten Mineralboden, bis zu einer Tiefe von 1\u00a0cm, Einzelkorngef\u00fcge oder koh\u00e4rentes Gef\u00fcge\u00a0 (bindige B\u00f6den) beobachtet. Bei Vergesellschaftung von &hellip; Weiterlesen &rarr;","og_url":"https:\/\/www.humusformen.de\/?page_id=566","og_site_name":"Humusformen","article_modified_time":"2022-01-17T12:25:48+00:00","twitter_card":"summary_large_image","schema":{"@context":"https:\/\/schema.org","@graph":[{"@type":"WebPage","@id":"https:\/\/www.humusformen.de\/?page_id=566","url":"https:\/\/www.humusformen.de\/?page_id=566","name":"Hagerhumus - Humusformen","isPartOf":{"@id":"https:\/\/www.humusformen.de\/#website"},"datePublished":"2021-11-24T15:29:54+00:00","dateModified":"2022-01-17T12:25:48+00:00","breadcrumb":{"@id":"https:\/\/www.humusformen.de\/?page_id=566#breadcrumb"},"inLanguage":"de-DE","potentialAction":[{"@type":"ReadAction","target":["https:\/\/www.humusformen.de\/?page_id=566"]}]},{"@type":"BreadcrumbList","@id":"https:\/\/www.humusformen.de\/?page_id=566#breadcrumb","itemListElement":[{"@type":"ListItem","position":1,"name":"Startseite","item":"https:\/\/www.humusformen.de\/"},{"@type":"ListItem","position":2,"name":"Humusformen","item":"https:\/\/www.humusformen.de\/?page_id=113"},{"@type":"ListItem","position":3,"name":"Hager- und Streunnutzungs-Humusformen","item":"https:\/\/www.humusformen.de\/?page_id=174"},{"@type":"ListItem","position":4,"name":"Hagerhumus"}]},{"@type":"WebSite","@id":"https:\/\/www.humusformen.de\/#website","url":"https:\/\/www.humusformen.de\/","name":"Humusformen","description":"AG Humusformen der Deutschen Bodenkundlichen Gesellschaft","potentialAction":[{"@type":"SearchAction","target":{"@type":"EntryPoint","urlTemplate":"https:\/\/www.humusformen.de\/?s={search_term_string}"},"query-input":"required name=search_term_string"}],"inLanguage":"de-DE"}]}},"_links":{"self":[{"href":"https:\/\/www.humusformen.de\/index.php?rest_route=\/wp\/v2\/pages\/566"}],"collection":[{"href":"https:\/\/www.humusformen.de\/index.php?rest_route=\/wp\/v2\/pages"}],"about":[{"href":"https:\/\/www.humusformen.de\/index.php?rest_route=\/wp\/v2\/types\/page"}],"author":[{"embeddable":true,"href":"https:\/\/www.humusformen.de\/index.php?rest_route=\/wp\/v2\/users\/1"}],"replies":[{"embeddable":true,"href":"https:\/\/www.humusformen.de\/index.php?rest_route=%2Fwp%2Fv2%2Fcomments&post=566"}],"version-history":[{"count":3,"href":"https:\/\/www.humusformen.de\/index.php?rest_route=\/wp\/v2\/pages\/566\/revisions"}],"predecessor-version":[{"id":925,"href":"https:\/\/www.humusformen.de\/index.php?rest_route=\/wp\/v2\/pages\/566\/revisions\/925"}],"up":[{"embeddable":true,"href":"https:\/\/www.humusformen.de\/index.php?rest_route=\/wp\/v2\/pages\/174"}],"wp:attachment":[{"href":"https:\/\/www.humusformen.de\/index.php?rest_route=%2Fwp%2Fv2%2Fmedia&parent=566"}],"curies":[{"name":"wp","href":"https:\/\/api.w.org\/{rel}","templated":true}]}}