{"id":559,"date":"2021-11-24T16:23:16","date_gmt":"2021-11-24T15:23:16","guid":{"rendered":"https:\/\/www.humusformen.de\/?page_id=559"},"modified":"2022-01-17T13:20:22","modified_gmt":"2022-01-17T12:20:22","slug":"typischer-rohhumus-art","status":"publish","type":"page","link":"https:\/\/www.humusformen.de\/?page_id=559","title":{"rendered":"Typischer Rohhumus"},"content":{"rendered":"<p>Vom Moderartigen Rohhumus unterscheidet sich der Typische Rohhumus vor allem durch die scharfkantige Brechbarkeit seines Osh-Horizontes. Die zackigen Bruchfl\u00e4chen lassen sich wieder fugenlos schlie\u00dfen. Bei gr\u00f6\u00dferer M\u00e4chtigkeit ist gelegentlich der Oh-Horizont nicht durchgehend kompakt ausgebildet, sondern angedeutet lagig unterteilt. Die einzelnen Lagenbereiche bleiben aber dennoch scharfkantig brechbar.<\/p>\n<p>Aus Nadelstreu der Fichte hervorgegangener Rohhumus zeichnet sich ebenso wie Moderartiger Rohhumus durch scharfe, vielfach sehr scharfe \u00dcberg\u00e4nge sowohl zwischen den einzelnen Auflagehorizonten als auch zwischen Humusauflage und Mineralboden aus. Der Of-Horizont ist h\u00e4ufig so stark verfilzt, dass er leicht vom Osh-Horizont zu trennen ist und teilweise Biegef\u00e4higkeit aufweist. Der Of-Horizont weist in der Regel verschiedene Lagen auf, dabei nehmen mit Ann\u00e4herung an den Osh-Horizont die Anteile organischer Feinsubstanz zu. Die Humusauflage l\u00e4sst sich sehr gut von der Mineralbodenoberfl\u00e4che trennen.<\/p>\n<p>Je nach M\u00e4chtigkeit des Osh-Horizontes kann Typischer Rohhumus in die Variet\u00e4ten feinhumusarmer Typischer Rohhumus (Osh &lt;\u00a04\u00a0cm) und feinhumusreicher Typischer Rohhumus (Osh &gt; 4 cm) untergliedert werden.<\/p>\n<ul>\n<li>Ol-Horizont vorhanden und<\/li>\n<li>Of-Horizont vorhanden, stark verfilzt und biegef\u00e4hig, und<\/li>\n<li>Osh-Horizont vorhanden, scharfkantig brechbar und<\/li>\n<li>falls \u00fcber Mineralboden, Ah-Ee oder Ee-Horizont vorhanden<\/li>\n<\/ul>\n","protected":false},"excerpt":{"rendered":"<p>Vom Moderartigen Rohhumus unterscheidet sich der Typische Rohhumus vor allem durch die scharfkantige Brechbarkeit seines Osh-Horizontes. Die zackigen Bruchfl\u00e4chen lassen sich wieder fugenlos schlie\u00dfen. Bei gr\u00f6\u00dferer M\u00e4chtigkeit ist gelegentlich der Oh-Horizont nicht durchgehend kompakt ausgebildet, sondern angedeutet lagig unterteilt. Die &hellip; <a href=\"https:\/\/www.humusformen.de\/?page_id=559\">Weiterlesen <span class=\"meta-nav\">&rarr;<\/span><\/a><\/p>\n","protected":false},"author":1,"featured_media":0,"parent":232,"menu_order":2,"comment_status":"closed","ping_status":"closed","template":"","meta":{"footnotes":""},"yoast_head":"<!-- This site is optimized with the Yoast SEO plugin v21.7 - https:\/\/yoast.com\/wordpress\/plugins\/seo\/ -->\n<title>Typischer Rohhumus - Humusformen<\/title>\n<meta name=\"robots\" content=\"index, follow, max-snippet:-1, max-image-preview:large, max-video-preview:-1\" \/>\n<link rel=\"canonical\" href=\"https:\/\/www.humusformen.de\/?page_id=559\" \/>\n<meta property=\"og:locale\" content=\"de_DE\" \/>\n<meta property=\"og:type\" content=\"article\" \/>\n<meta property=\"og:title\" content=\"Typischer Rohhumus - Humusformen\" \/>\n<meta property=\"og:description\" content=\"Vom Moderartigen Rohhumus unterscheidet sich der Typische Rohhumus vor allem durch die scharfkantige Brechbarkeit seines Osh-Horizontes. Die zackigen Bruchfl\u00e4chen lassen sich wieder fugenlos schlie\u00dfen. Bei gr\u00f6\u00dferer M\u00e4chtigkeit ist gelegentlich der Oh-Horizont nicht durchgehend kompakt ausgebildet, sondern angedeutet lagig unterteilt. Die &hellip; Weiterlesen &rarr;\" \/>\n<meta property=\"og:url\" content=\"https:\/\/www.humusformen.de\/?page_id=559\" \/>\n<meta property=\"og:site_name\" content=\"Humusformen\" \/>\n<meta property=\"article:modified_time\" content=\"2022-01-17T12:20:22+00:00\" \/>\n<meta name=\"twitter:card\" content=\"summary_large_image\" \/>\n<meta name=\"twitter:label1\" content=\"Gesch\u00e4tzte Lesezeit\" \/>\n\t<meta name=\"twitter:data1\" content=\"1 Minute\" \/>\n<script type=\"application\/ld+json\" class=\"yoast-schema-graph\">{\"@context\":\"https:\/\/schema.org\",\"@graph\":[{\"@type\":\"WebPage\",\"@id\":\"https:\/\/www.humusformen.de\/?page_id=559\",\"url\":\"https:\/\/www.humusformen.de\/?page_id=559\",\"name\":\"Typischer Rohhumus - Humusformen\",\"isPartOf\":{\"@id\":\"https:\/\/www.humusformen.de\/#website\"},\"datePublished\":\"2021-11-24T15:23:16+00:00\",\"dateModified\":\"2022-01-17T12:20:22+00:00\",\"breadcrumb\":{\"@id\":\"https:\/\/www.humusformen.de\/?page_id=559#breadcrumb\"},\"inLanguage\":\"de-DE\",\"potentialAction\":[{\"@type\":\"ReadAction\",\"target\":[\"https:\/\/www.humusformen.de\/?page_id=559\"]}]},{\"@type\":\"BreadcrumbList\",\"@id\":\"https:\/\/www.humusformen.de\/?page_id=559#breadcrumb\",\"itemListElement\":[{\"@type\":\"ListItem\",\"position\":1,\"name\":\"Startseite\",\"item\":\"https:\/\/www.humusformen.de\/\"},{\"@type\":\"ListItem\",\"position\":2,\"name\":\"Humusformen\",\"item\":\"https:\/\/www.humusformen.de\/?page_id=113\"},{\"@type\":\"ListItem\",\"position\":3,\"name\":\"Auflage-Humusformen\",\"item\":\"https:\/\/www.humusformen.de\/?page_id=170\"},{\"@type\":\"ListItem\",\"position\":4,\"name\":\"Rohhumus\",\"item\":\"https:\/\/www.humusformen.de\/?page_id=232\"},{\"@type\":\"ListItem\",\"position\":5,\"name\":\"Typischer Rohhumus\"}]},{\"@type\":\"WebSite\",\"@id\":\"https:\/\/www.humusformen.de\/#website\",\"url\":\"https:\/\/www.humusformen.de\/\",\"name\":\"Humusformen\",\"description\":\"AG Humusformen der Deutschen Bodenkundlichen Gesellschaft\",\"potentialAction\":[{\"@type\":\"SearchAction\",\"target\":{\"@type\":\"EntryPoint\",\"urlTemplate\":\"https:\/\/www.humusformen.de\/?s={search_term_string}\"},\"query-input\":\"required name=search_term_string\"}],\"inLanguage\":\"de-DE\"}]}<\/script>\n<!-- \/ Yoast SEO plugin. -->","yoast_head_json":{"title":"Typischer Rohhumus - Humusformen","robots":{"index":"index","follow":"follow","max-snippet":"max-snippet:-1","max-image-preview":"max-image-preview:large","max-video-preview":"max-video-preview:-1"},"canonical":"https:\/\/www.humusformen.de\/?page_id=559","og_locale":"de_DE","og_type":"article","og_title":"Typischer Rohhumus - Humusformen","og_description":"Vom Moderartigen Rohhumus unterscheidet sich der Typische Rohhumus vor allem durch die scharfkantige Brechbarkeit seines Osh-Horizontes. Die zackigen Bruchfl\u00e4chen lassen sich wieder fugenlos schlie\u00dfen. Bei gr\u00f6\u00dferer M\u00e4chtigkeit ist gelegentlich der Oh-Horizont nicht durchgehend kompakt ausgebildet, sondern angedeutet lagig unterteilt. Die &hellip; Weiterlesen &rarr;","og_url":"https:\/\/www.humusformen.de\/?page_id=559","og_site_name":"Humusformen","article_modified_time":"2022-01-17T12:20:22+00:00","twitter_card":"summary_large_image","twitter_misc":{"Gesch\u00e4tzte Lesezeit":"1 Minute"},"schema":{"@context":"https:\/\/schema.org","@graph":[{"@type":"WebPage","@id":"https:\/\/www.humusformen.de\/?page_id=559","url":"https:\/\/www.humusformen.de\/?page_id=559","name":"Typischer Rohhumus - Humusformen","isPartOf":{"@id":"https:\/\/www.humusformen.de\/#website"},"datePublished":"2021-11-24T15:23:16+00:00","dateModified":"2022-01-17T12:20:22+00:00","breadcrumb":{"@id":"https:\/\/www.humusformen.de\/?page_id=559#breadcrumb"},"inLanguage":"de-DE","potentialAction":[{"@type":"ReadAction","target":["https:\/\/www.humusformen.de\/?page_id=559"]}]},{"@type":"BreadcrumbList","@id":"https:\/\/www.humusformen.de\/?page_id=559#breadcrumb","itemListElement":[{"@type":"ListItem","position":1,"name":"Startseite","item":"https:\/\/www.humusformen.de\/"},{"@type":"ListItem","position":2,"name":"Humusformen","item":"https:\/\/www.humusformen.de\/?page_id=113"},{"@type":"ListItem","position":3,"name":"Auflage-Humusformen","item":"https:\/\/www.humusformen.de\/?page_id=170"},{"@type":"ListItem","position":4,"name":"Rohhumus","item":"https:\/\/www.humusformen.de\/?page_id=232"},{"@type":"ListItem","position":5,"name":"Typischer Rohhumus"}]},{"@type":"WebSite","@id":"https:\/\/www.humusformen.de\/#website","url":"https:\/\/www.humusformen.de\/","name":"Humusformen","description":"AG Humusformen der Deutschen Bodenkundlichen Gesellschaft","potentialAction":[{"@type":"SearchAction","target":{"@type":"EntryPoint","urlTemplate":"https:\/\/www.humusformen.de\/?s={search_term_string}"},"query-input":"required name=search_term_string"}],"inLanguage":"de-DE"}]}},"_links":{"self":[{"href":"https:\/\/www.humusformen.de\/index.php?rest_route=\/wp\/v2\/pages\/559"}],"collection":[{"href":"https:\/\/www.humusformen.de\/index.php?rest_route=\/wp\/v2\/pages"}],"about":[{"href":"https:\/\/www.humusformen.de\/index.php?rest_route=\/wp\/v2\/types\/page"}],"author":[{"embeddable":true,"href":"https:\/\/www.humusformen.de\/index.php?rest_route=\/wp\/v2\/users\/1"}],"replies":[{"embeddable":true,"href":"https:\/\/www.humusformen.de\/index.php?rest_route=%2Fwp%2Fv2%2Fcomments&post=559"}],"version-history":[{"count":2,"href":"https:\/\/www.humusformen.de\/index.php?rest_route=\/wp\/v2\/pages\/559\/revisions"}],"predecessor-version":[{"id":916,"href":"https:\/\/www.humusformen.de\/index.php?rest_route=\/wp\/v2\/pages\/559\/revisions\/916"}],"up":[{"embeddable":true,"href":"https:\/\/www.humusformen.de\/index.php?rest_route=\/wp\/v2\/pages\/232"}],"wp:attachment":[{"href":"https:\/\/www.humusformen.de\/index.php?rest_route=%2Fwp%2Fv2%2Fmedia&parent=559"}],"curies":[{"name":"wp","href":"https:\/\/api.w.org\/{rel}","templated":true}]}}