{"id":511,"date":"2021-11-24T14:26:38","date_gmt":"2021-11-24T13:26:38","guid":{"rendered":"https:\/\/www.humusformen.de\/?page_id=511"},"modified":"2023-09-13T14:57:49","modified_gmt":"2023-09-13T12:57:49","slug":"typischer-moder","status":"publish","type":"page","link":"https:\/\/www.humusformen.de\/?page_id=511","title":{"rendered":"Typischer Moder"},"content":{"rendered":"<p>Ol-, Of- und Obh-Horizonte gehen stets unscharf ineinander \u00fcber. Innerhalb des Of-Horizontes nimmt der Anteil organischer Feinsubstanz von oben nach unten zu. Vor allem unter Nadelholz nimmt der Vernetzungsgrad der Pflanzenreste von oben nach unten zu und das Of-Material kann schwach verfilzt oder schichtig gelagert sein (s. Abbildung B\u201120).<\/p>\n<p>Die Lagerungsform des Oh-Materials ist pulvrig bis br\u00f6ckelig (kaffeesatzartig) ausgebildet (Obh) und und zerf\u00e4llt lose bis leicht in schwach gerundete Aggregate. Auch leicht brechhbare Oh-Horizonte, die bei geringem Daumendruck auf die groben Aggregate br\u00f6ckelig bis pulvrig zerfallen, werden zum Obh-Horizont gerechnet. Es enth\u00e4lt zum Teil lagig eingeschaltete Pflanzenreste. Die beim Zerfall des Obh-Materials entstehenden, gut kantengerundeten St\u00fccke enthalten zum Teil Nadelrudimente und Arthropodenlosung, die in die makroskopisch amorph erscheinende organische Feinsubstanz orientierungslos eingebettet sind (biologische Durchmengung). Der Obh-Horizont ist h\u00e4ufig stark bis sehr stark von Wurzeln durchzogen. Je nach M\u00e4chtigkeit des Obh-Horizontes kann Typischer Moder in die Variet\u00e4ten feinhumusarmer T. Moder (Obh-Horizont &lt;\u00a02\u00a0cm) und feinhumusreicher T. Moder (Obh-Horizont \u2265\u00a02\u00a0cm) gegliedert werden. Die feinhumusreicheren Formen weisen in der Regel weitere C\/N-Verh\u00e4ltnisse auf. Der \u00dcbergang zwischen Obh-Horizont und Mineralboden ist unscharf. Der Ah-Horizont ist meist weniger als 10\u00a0cm m\u00e4chtig.<\/p>\n<ul>\n<li>Ol-Horizont ganzj\u00e4hrig vorhanden und<\/li>\n<li>Olf-Horizont ganzj\u00e4hrig vorhanden und<\/li>\n<li>Ohf-Horizont ganzj\u00e4hrig vorhanden, meist durchwurzelt und<\/li>\n<li>Obh-Horizont vorhanden und<\/li>\n<li>unscharfe \u00dcberg\u00e4nge zwischen den O-Horizonten und<\/li>\n<li>auf Mineralb\u00f6den \u00fcber Ah-, Ee-Ah- oder Ah-Ee-Horizont<\/li>\n<\/ul>\n","protected":false},"excerpt":{"rendered":"<p>Ol-, Of- und Obh-Horizonte gehen stets unscharf ineinander \u00fcber. Innerhalb des Of-Horizontes nimmt der Anteil organischer Feinsubstanz von oben nach unten zu. Vor allem unter Nadelholz nimmt der Vernetzungsgrad der Pflanzenreste von oben nach unten zu und das Of-Material kann &hellip; <a href=\"https:\/\/www.humusformen.de\/?page_id=511\">Weiterlesen <span class=\"meta-nav\">&rarr;<\/span><\/a><\/p>\n","protected":false},"author":1,"featured_media":0,"parent":229,"menu_order":2,"comment_status":"closed","ping_status":"closed","template":"","meta":{"footnotes":""},"yoast_head":"<!-- This site is optimized with the Yoast SEO plugin v21.7 - https:\/\/yoast.com\/wordpress\/plugins\/seo\/ -->\n<title>Typischer Moder - Humusformen<\/title>\n<meta name=\"robots\" content=\"index, follow, max-snippet:-1, max-image-preview:large, max-video-preview:-1\" \/>\n<link rel=\"canonical\" href=\"https:\/\/www.humusformen.de\/?page_id=511\" \/>\n<meta property=\"og:locale\" content=\"de_DE\" \/>\n<meta property=\"og:type\" content=\"article\" \/>\n<meta property=\"og:title\" content=\"Typischer Moder - Humusformen\" \/>\n<meta property=\"og:description\" content=\"Ol-, Of- und Obh-Horizonte gehen stets unscharf ineinander \u00fcber. Innerhalb des Of-Horizontes nimmt der Anteil organischer Feinsubstanz von oben nach unten zu. Vor allem unter Nadelholz nimmt der Vernetzungsgrad der Pflanzenreste von oben nach unten zu und das Of-Material kann &hellip; Weiterlesen &rarr;\" \/>\n<meta property=\"og:url\" content=\"https:\/\/www.humusformen.de\/?page_id=511\" \/>\n<meta property=\"og:site_name\" content=\"Humusformen\" \/>\n<meta property=\"article:modified_time\" content=\"2023-09-13T12:57:49+00:00\" \/>\n<meta name=\"twitter:card\" content=\"summary_large_image\" \/>\n<meta name=\"twitter:label1\" content=\"Gesch\u00e4tzte Lesezeit\" \/>\n\t<meta name=\"twitter:data1\" content=\"2 Minuten\" \/>\n<script type=\"application\/ld+json\" class=\"yoast-schema-graph\">{\"@context\":\"https:\/\/schema.org\",\"@graph\":[{\"@type\":\"WebPage\",\"@id\":\"https:\/\/www.humusformen.de\/?page_id=511\",\"url\":\"https:\/\/www.humusformen.de\/?page_id=511\",\"name\":\"Typischer Moder - Humusformen\",\"isPartOf\":{\"@id\":\"https:\/\/www.humusformen.de\/#website\"},\"datePublished\":\"2021-11-24T13:26:38+00:00\",\"dateModified\":\"2023-09-13T12:57:49+00:00\",\"breadcrumb\":{\"@id\":\"https:\/\/www.humusformen.de\/?page_id=511#breadcrumb\"},\"inLanguage\":\"de-DE\",\"potentialAction\":[{\"@type\":\"ReadAction\",\"target\":[\"https:\/\/www.humusformen.de\/?page_id=511\"]}]},{\"@type\":\"BreadcrumbList\",\"@id\":\"https:\/\/www.humusformen.de\/?page_id=511#breadcrumb\",\"itemListElement\":[{\"@type\":\"ListItem\",\"position\":1,\"name\":\"Startseite\",\"item\":\"https:\/\/www.humusformen.de\/\"},{\"@type\":\"ListItem\",\"position\":2,\"name\":\"Humusformen\",\"item\":\"https:\/\/www.humusformen.de\/?page_id=113\"},{\"@type\":\"ListItem\",\"position\":3,\"name\":\"Auflage-Humusformen\",\"item\":\"https:\/\/www.humusformen.de\/?page_id=170\"},{\"@type\":\"ListItem\",\"position\":4,\"name\":\"Moder\",\"item\":\"https:\/\/www.humusformen.de\/?page_id=229\"},{\"@type\":\"ListItem\",\"position\":5,\"name\":\"Typischer Moder\"}]},{\"@type\":\"WebSite\",\"@id\":\"https:\/\/www.humusformen.de\/#website\",\"url\":\"https:\/\/www.humusformen.de\/\",\"name\":\"Humusformen\",\"description\":\"AG Humusformen der Deutschen Bodenkundlichen Gesellschaft\",\"potentialAction\":[{\"@type\":\"SearchAction\",\"target\":{\"@type\":\"EntryPoint\",\"urlTemplate\":\"https:\/\/www.humusformen.de\/?s={search_term_string}\"},\"query-input\":\"required name=search_term_string\"}],\"inLanguage\":\"de-DE\"}]}<\/script>\n<!-- \/ Yoast SEO plugin. -->","yoast_head_json":{"title":"Typischer Moder - Humusformen","robots":{"index":"index","follow":"follow","max-snippet":"max-snippet:-1","max-image-preview":"max-image-preview:large","max-video-preview":"max-video-preview:-1"},"canonical":"https:\/\/www.humusformen.de\/?page_id=511","og_locale":"de_DE","og_type":"article","og_title":"Typischer Moder - Humusformen","og_description":"Ol-, Of- und Obh-Horizonte gehen stets unscharf ineinander \u00fcber. Innerhalb des Of-Horizontes nimmt der Anteil organischer Feinsubstanz von oben nach unten zu. Vor allem unter Nadelholz nimmt der Vernetzungsgrad der Pflanzenreste von oben nach unten zu und das Of-Material kann &hellip; Weiterlesen &rarr;","og_url":"https:\/\/www.humusformen.de\/?page_id=511","og_site_name":"Humusformen","article_modified_time":"2023-09-13T12:57:49+00:00","twitter_card":"summary_large_image","twitter_misc":{"Gesch\u00e4tzte Lesezeit":"2 Minuten"},"schema":{"@context":"https:\/\/schema.org","@graph":[{"@type":"WebPage","@id":"https:\/\/www.humusformen.de\/?page_id=511","url":"https:\/\/www.humusformen.de\/?page_id=511","name":"Typischer Moder - Humusformen","isPartOf":{"@id":"https:\/\/www.humusformen.de\/#website"},"datePublished":"2021-11-24T13:26:38+00:00","dateModified":"2023-09-13T12:57:49+00:00","breadcrumb":{"@id":"https:\/\/www.humusformen.de\/?page_id=511#breadcrumb"},"inLanguage":"de-DE","potentialAction":[{"@type":"ReadAction","target":["https:\/\/www.humusformen.de\/?page_id=511"]}]},{"@type":"BreadcrumbList","@id":"https:\/\/www.humusformen.de\/?page_id=511#breadcrumb","itemListElement":[{"@type":"ListItem","position":1,"name":"Startseite","item":"https:\/\/www.humusformen.de\/"},{"@type":"ListItem","position":2,"name":"Humusformen","item":"https:\/\/www.humusformen.de\/?page_id=113"},{"@type":"ListItem","position":3,"name":"Auflage-Humusformen","item":"https:\/\/www.humusformen.de\/?page_id=170"},{"@type":"ListItem","position":4,"name":"Moder","item":"https:\/\/www.humusformen.de\/?page_id=229"},{"@type":"ListItem","position":5,"name":"Typischer Moder"}]},{"@type":"WebSite","@id":"https:\/\/www.humusformen.de\/#website","url":"https:\/\/www.humusformen.de\/","name":"Humusformen","description":"AG Humusformen der Deutschen Bodenkundlichen Gesellschaft","potentialAction":[{"@type":"SearchAction","target":{"@type":"EntryPoint","urlTemplate":"https:\/\/www.humusformen.de\/?s={search_term_string}"},"query-input":"required name=search_term_string"}],"inLanguage":"de-DE"}]}},"_links":{"self":[{"href":"https:\/\/www.humusformen.de\/index.php?rest_route=\/wp\/v2\/pages\/511"}],"collection":[{"href":"https:\/\/www.humusformen.de\/index.php?rest_route=\/wp\/v2\/pages"}],"about":[{"href":"https:\/\/www.humusformen.de\/index.php?rest_route=\/wp\/v2\/types\/page"}],"author":[{"embeddable":true,"href":"https:\/\/www.humusformen.de\/index.php?rest_route=\/wp\/v2\/users\/1"}],"replies":[{"embeddable":true,"href":"https:\/\/www.humusformen.de\/index.php?rest_route=%2Fwp%2Fv2%2Fcomments&post=511"}],"version-history":[{"count":3,"href":"https:\/\/www.humusformen.de\/index.php?rest_route=\/wp\/v2\/pages\/511\/revisions"}],"predecessor-version":[{"id":893,"href":"https:\/\/www.humusformen.de\/index.php?rest_route=\/wp\/v2\/pages\/511\/revisions\/893"}],"up":[{"embeddable":true,"href":"https:\/\/www.humusformen.de\/index.php?rest_route=\/wp\/v2\/pages\/229"}],"wp:attachment":[{"href":"https:\/\/www.humusformen.de\/index.php?rest_route=%2Fwp%2Fv2%2Fmedia&parent=511"}],"curies":[{"name":"wp","href":"https:\/\/api.w.org\/{rel}","templated":true}]}}