{"id":495,"date":"2021-11-24T14:16:59","date_gmt":"2021-11-24T13:16:59","guid":{"rendered":"https:\/\/www.humusformen.de\/?page_id=495"},"modified":"2022-01-17T11:57:27","modified_gmt":"2022-01-17T10:57:27","slug":"typischer-l-mull","status":"publish","type":"page","link":"https:\/\/www.humusformen.de\/?page_id=495","title":{"rendered":"Typischer L-Mull"},"content":{"rendered":"<p>Bei sehr gutem biologischem Bodenzustand wird die Streu innerhalb von &lt;\u00a02\u00a0Jahren abgebaut und in den Mineralboden eingearbeitet. Der Ax- oder Au-Horizont ist meist stark bis sehr stark humos und weist \u00fcberwiegend Kr\u00fcmelgef\u00fcge bis Subpolyeder- und Polyedergef\u00fcge auf (Tabelle B-36). In sandig-lehmigen B\u00f6den k\u00f6nnen auch deutlich belebte Ah-Horizonte mit schw\u00e4cher ausgepr\u00e4gtem Kr\u00fcmel- und Subpolyedergef\u00fcge auftreten. Der A-Horizont zeigt deutliche Merkmale einer hohen biologischen Aktivit\u00e4t wie belebte Wurmr\u00f6hren und Wurmlosung an der Bodenoberfl\u00e4che, Vorkommen und Aktivit\u00e4t der Makro- und Mesofauna und ihrer Losung (vor allem Springschw\u00e4nze, Milben und Kleinringelw\u00fcrmer, Asseln und Tausendf\u00fc\u00dfer).<\/p>\n<ul>\n<li>Ol-Horizont fast ganzj\u00e4hrig vorhanden und<\/li>\n<li>Olf-Horizont l\u00fcckig, geringm\u00e4chtig und zeitweise vorhanden und<\/li>\n<li>Ax-, Au- oder belebter Ah-Horizont vorhanden, meist &gt; 10 cm m\u00e4chtig<\/li>\n<\/ul>\n<blockquote>\n<div id=\"attachment_874\" style=\"width: 310px\" class=\"wp-caption aligncenter\"><a href=\"https:\/\/www.humusformen.de\/wp-content\/uploads\/2022\/01\/Typischer-L-Mull.jpg\"><img loading=\"lazy\" decoding=\"async\" aria-describedby=\"caption-attachment-874\" class=\"wp-image-874 size-medium\" src=\"https:\/\/www.humusformen.de\/wp-content\/uploads\/2022\/01\/Typischer-L-Mull-300x199.jpg\" alt=\"\" width=\"300\" height=\"199\" srcset=\"https:\/\/www.humusformen.de\/wp-content\/uploads\/2022\/01\/Typischer-L-Mull-300x199.jpg 300w, https:\/\/www.humusformen.de\/wp-content\/uploads\/2022\/01\/Typischer-L-Mull-768x509.jpg 768w, https:\/\/www.humusformen.de\/wp-content\/uploads\/2022\/01\/Typischer-L-Mull-453x300.jpg 453w, https:\/\/www.humusformen.de\/wp-content\/uploads\/2022\/01\/Typischer-L-Mull.jpg 1024w\" sizes=\"(max-width: 300px) 100vw, 300px\" \/><\/a><p id=\"caption-attachment-874\" class=\"wp-caption-text\">Typischer L-Mull mit der Horizontfolge: Ol\/(Olf)\/Ax; \u00a9 Gerhard Milbert, DBG AG Humusformen<\/p><\/div><\/blockquote>\n","protected":false},"excerpt":{"rendered":"<p>Bei sehr gutem biologischem Bodenzustand wird die Streu innerhalb von &lt;\u00a02\u00a0Jahren abgebaut und in den Mineralboden eingearbeitet. Der Ax- oder Au-Horizont ist meist stark bis sehr stark humos und weist \u00fcberwiegend Kr\u00fcmelgef\u00fcge bis Subpolyeder- und Polyedergef\u00fcge auf (Tabelle B-36). In &hellip; <a href=\"https:\/\/www.humusformen.de\/?page_id=495\">Weiterlesen <span class=\"meta-nav\">&rarr;<\/span><\/a><\/p>\n","protected":false},"author":1,"featured_media":0,"parent":240,"menu_order":2,"comment_status":"closed","ping_status":"closed","template":"","meta":{"footnotes":""},"yoast_head":"<!-- This site is optimized with the Yoast SEO plugin v21.7 - https:\/\/yoast.com\/wordpress\/plugins\/seo\/ -->\n<title>Typischer L-Mull - Humusformen<\/title>\n<meta name=\"robots\" content=\"index, follow, max-snippet:-1, max-image-preview:large, max-video-preview:-1\" \/>\n<link rel=\"canonical\" href=\"https:\/\/www.humusformen.de\/?page_id=495\" \/>\n<meta property=\"og:locale\" content=\"de_DE\" \/>\n<meta property=\"og:type\" content=\"article\" \/>\n<meta property=\"og:title\" content=\"Typischer L-Mull - Humusformen\" \/>\n<meta property=\"og:description\" content=\"Bei sehr gutem biologischem Bodenzustand wird die Streu innerhalb von &lt;\u00a02\u00a0Jahren abgebaut und in den Mineralboden eingearbeitet. Der Ax- oder Au-Horizont ist meist stark bis sehr stark humos und weist \u00fcberwiegend Kr\u00fcmelgef\u00fcge bis Subpolyeder- und Polyedergef\u00fcge auf (Tabelle B-36). In &hellip; Weiterlesen &rarr;\" \/>\n<meta property=\"og:url\" content=\"https:\/\/www.humusformen.de\/?page_id=495\" \/>\n<meta property=\"og:site_name\" content=\"Humusformen\" \/>\n<meta property=\"article:modified_time\" content=\"2022-01-17T10:57:27+00:00\" \/>\n<meta property=\"og:image\" content=\"https:\/\/www.humusformen.de\/wp-content\/uploads\/2022\/01\/Typischer-L-Mull-300x199.jpg\" \/>\n<meta name=\"twitter:card\" content=\"summary_large_image\" \/>\n<meta name=\"twitter:label1\" content=\"Gesch\u00e4tzte Lesezeit\" \/>\n\t<meta name=\"twitter:data1\" content=\"1 Minute\" \/>\n<script type=\"application\/ld+json\" class=\"yoast-schema-graph\">{\"@context\":\"https:\/\/schema.org\",\"@graph\":[{\"@type\":\"WebPage\",\"@id\":\"https:\/\/www.humusformen.de\/?page_id=495\",\"url\":\"https:\/\/www.humusformen.de\/?page_id=495\",\"name\":\"Typischer L-Mull - Humusformen\",\"isPartOf\":{\"@id\":\"https:\/\/www.humusformen.de\/#website\"},\"datePublished\":\"2021-11-24T13:16:59+00:00\",\"dateModified\":\"2022-01-17T10:57:27+00:00\",\"breadcrumb\":{\"@id\":\"https:\/\/www.humusformen.de\/?page_id=495#breadcrumb\"},\"inLanguage\":\"de-DE\",\"potentialAction\":[{\"@type\":\"ReadAction\",\"target\":[\"https:\/\/www.humusformen.de\/?page_id=495\"]}]},{\"@type\":\"BreadcrumbList\",\"@id\":\"https:\/\/www.humusformen.de\/?page_id=495#breadcrumb\",\"itemListElement\":[{\"@type\":\"ListItem\",\"position\":1,\"name\":\"Startseite\",\"item\":\"https:\/\/www.humusformen.de\/\"},{\"@type\":\"ListItem\",\"position\":2,\"name\":\"Humusformen\",\"item\":\"https:\/\/www.humusformen.de\/?page_id=113\"},{\"@type\":\"ListItem\",\"position\":3,\"name\":\"Mull-Humusformen\",\"item\":\"https:\/\/www.humusformen.de\/?page_id=168\"},{\"@type\":\"ListItem\",\"position\":4,\"name\":\"L-Mull\",\"item\":\"https:\/\/www.humusformen.de\/?page_id=240\"},{\"@type\":\"ListItem\",\"position\":5,\"name\":\"Typischer L-Mull\"}]},{\"@type\":\"WebSite\",\"@id\":\"https:\/\/www.humusformen.de\/#website\",\"url\":\"https:\/\/www.humusformen.de\/\",\"name\":\"Humusformen\",\"description\":\"AG Humusformen der Deutschen Bodenkundlichen Gesellschaft\",\"potentialAction\":[{\"@type\":\"SearchAction\",\"target\":{\"@type\":\"EntryPoint\",\"urlTemplate\":\"https:\/\/www.humusformen.de\/?s={search_term_string}\"},\"query-input\":\"required name=search_term_string\"}],\"inLanguage\":\"de-DE\"}]}<\/script>\n<!-- \/ Yoast SEO plugin. -->","yoast_head_json":{"title":"Typischer L-Mull - Humusformen","robots":{"index":"index","follow":"follow","max-snippet":"max-snippet:-1","max-image-preview":"max-image-preview:large","max-video-preview":"max-video-preview:-1"},"canonical":"https:\/\/www.humusformen.de\/?page_id=495","og_locale":"de_DE","og_type":"article","og_title":"Typischer L-Mull - Humusformen","og_description":"Bei sehr gutem biologischem Bodenzustand wird die Streu innerhalb von &lt;\u00a02\u00a0Jahren abgebaut und in den Mineralboden eingearbeitet. Der Ax- oder Au-Horizont ist meist stark bis sehr stark humos und weist \u00fcberwiegend Kr\u00fcmelgef\u00fcge bis Subpolyeder- und Polyedergef\u00fcge auf (Tabelle B-36). In &hellip; Weiterlesen &rarr;","og_url":"https:\/\/www.humusformen.de\/?page_id=495","og_site_name":"Humusformen","article_modified_time":"2022-01-17T10:57:27+00:00","og_image":[{"url":"https:\/\/www.humusformen.de\/wp-content\/uploads\/2022\/01\/Typischer-L-Mull-300x199.jpg"}],"twitter_card":"summary_large_image","twitter_misc":{"Gesch\u00e4tzte Lesezeit":"1 Minute"},"schema":{"@context":"https:\/\/schema.org","@graph":[{"@type":"WebPage","@id":"https:\/\/www.humusformen.de\/?page_id=495","url":"https:\/\/www.humusformen.de\/?page_id=495","name":"Typischer L-Mull - Humusformen","isPartOf":{"@id":"https:\/\/www.humusformen.de\/#website"},"datePublished":"2021-11-24T13:16:59+00:00","dateModified":"2022-01-17T10:57:27+00:00","breadcrumb":{"@id":"https:\/\/www.humusformen.de\/?page_id=495#breadcrumb"},"inLanguage":"de-DE","potentialAction":[{"@type":"ReadAction","target":["https:\/\/www.humusformen.de\/?page_id=495"]}]},{"@type":"BreadcrumbList","@id":"https:\/\/www.humusformen.de\/?page_id=495#breadcrumb","itemListElement":[{"@type":"ListItem","position":1,"name":"Startseite","item":"https:\/\/www.humusformen.de\/"},{"@type":"ListItem","position":2,"name":"Humusformen","item":"https:\/\/www.humusformen.de\/?page_id=113"},{"@type":"ListItem","position":3,"name":"Mull-Humusformen","item":"https:\/\/www.humusformen.de\/?page_id=168"},{"@type":"ListItem","position":4,"name":"L-Mull","item":"https:\/\/www.humusformen.de\/?page_id=240"},{"@type":"ListItem","position":5,"name":"Typischer L-Mull"}]},{"@type":"WebSite","@id":"https:\/\/www.humusformen.de\/#website","url":"https:\/\/www.humusformen.de\/","name":"Humusformen","description":"AG Humusformen der Deutschen Bodenkundlichen Gesellschaft","potentialAction":[{"@type":"SearchAction","target":{"@type":"EntryPoint","urlTemplate":"https:\/\/www.humusformen.de\/?s={search_term_string}"},"query-input":"required name=search_term_string"}],"inLanguage":"de-DE"}]}},"_links":{"self":[{"href":"https:\/\/www.humusformen.de\/index.php?rest_route=\/wp\/v2\/pages\/495"}],"collection":[{"href":"https:\/\/www.humusformen.de\/index.php?rest_route=\/wp\/v2\/pages"}],"about":[{"href":"https:\/\/www.humusformen.de\/index.php?rest_route=\/wp\/v2\/types\/page"}],"author":[{"embeddable":true,"href":"https:\/\/www.humusformen.de\/index.php?rest_route=\/wp\/v2\/users\/1"}],"replies":[{"embeddable":true,"href":"https:\/\/www.humusformen.de\/index.php?rest_route=%2Fwp%2Fv2%2Fcomments&post=495"}],"version-history":[{"count":4,"href":"https:\/\/www.humusformen.de\/index.php?rest_route=\/wp\/v2\/pages\/495\/revisions"}],"predecessor-version":[{"id":884,"href":"https:\/\/www.humusformen.de\/index.php?rest_route=\/wp\/v2\/pages\/495\/revisions\/884"}],"up":[{"embeddable":true,"href":"https:\/\/www.humusformen.de\/index.php?rest_route=\/wp\/v2\/pages\/240"}],"wp:attachment":[{"href":"https:\/\/www.humusformen.de\/index.php?rest_route=%2Fwp%2Fv2%2Fmedia&parent=495"}],"curies":[{"name":"wp","href":"https:\/\/api.w.org\/{rel}","templated":true}]}}