{"id":472,"date":"2021-11-24T14:00:18","date_gmt":"2021-11-24T13:00:18","guid":{"rendered":"https:\/\/www.humusformen.de\/?page_id=472"},"modified":"2022-01-17T11:59:44","modified_gmt":"2022-01-17T10:59:44","slug":"feinhumusarmer-f-mull","status":"publish","type":"page","link":"https:\/\/www.humusformen.de\/?page_id=472","title":{"rendered":"Feinhumusarmer F-Mull"},"content":{"rendered":"<p>Bei gutem biologischem Bodenzustand wird die Streu innerhalb von 2 \u2013 3 Jahren abgebaut und in den Mineralboden eingearbeitet. Der feinhumusarme (10 \u2013 &lt; 30 Vol.-%) stets lockere bis schwach verklebte Olf-Horizont ist ganzj\u00e4hrig und fl\u00e4chenhaft vorhanden. Die Streu ist \u00fcberwiegend m\u00e4\u00dfig bis gut zersetzbar. Der Ax- oder Au-Horizont ist meist stark humos und weist \u00fcberwiegend Kr\u00fcmelgef\u00fcge bis Subpolyeder- und Polyedergef\u00fcge auf. Er ist meist &gt; 10 cm m\u00e4chtig.<\/p>\n<ul>\n<li>Ol-Horizont ganzj\u00e4hrig vorhanden und<\/li>\n<li>\u00fcber Olf-Horizont, der ganzj\u00e4hrig und fl\u00e4chenhaft vorhanden ist und<\/li>\n<li>Ohf-Horizont fehlend und<\/li>\n<li>Ax-, Au- oder belebter Ah-Horizont vorhanden<\/li>\n<\/ul>\n","protected":false},"excerpt":{"rendered":"<p>Bei gutem biologischem Bodenzustand wird die Streu innerhalb von 2 \u2013 3 Jahren abgebaut und in den Mineralboden eingearbeitet. Der feinhumusarme (10 \u2013 &lt; 30 Vol.-%) stets lockere bis schwach verklebte Olf-Horizont ist ganzj\u00e4hrig und fl\u00e4chenhaft vorhanden. Die Streu ist &hellip; <a href=\"https:\/\/www.humusformen.de\/?page_id=472\">Weiterlesen <span class=\"meta-nav\">&rarr;<\/span><\/a><\/p>\n","protected":false},"author":1,"featured_media":0,"parent":244,"menu_order":1,"comment_status":"closed","ping_status":"closed","template":"","meta":{"footnotes":""},"yoast_head":"<!-- This site is optimized with the Yoast SEO plugin v21.7 - https:\/\/yoast.com\/wordpress\/plugins\/seo\/ -->\n<title>Feinhumusarmer F-Mull - Humusformen<\/title>\n<meta name=\"robots\" content=\"index, follow, max-snippet:-1, max-image-preview:large, max-video-preview:-1\" \/>\n<link rel=\"canonical\" href=\"https:\/\/www.humusformen.de\/?page_id=472\" \/>\n<meta property=\"og:locale\" content=\"de_DE\" \/>\n<meta property=\"og:type\" content=\"article\" \/>\n<meta property=\"og:title\" content=\"Feinhumusarmer F-Mull - Humusformen\" \/>\n<meta property=\"og:description\" content=\"Bei gutem biologischem Bodenzustand wird die Streu innerhalb von 2 \u2013 3 Jahren abgebaut und in den Mineralboden eingearbeitet. Der feinhumusarme (10 \u2013 &lt; 30 Vol.-%) stets lockere bis schwach verklebte Olf-Horizont ist ganzj\u00e4hrig und fl\u00e4chenhaft vorhanden. Die Streu ist &hellip; Weiterlesen &rarr;\" \/>\n<meta property=\"og:url\" content=\"https:\/\/www.humusformen.de\/?page_id=472\" \/>\n<meta property=\"og:site_name\" content=\"Humusformen\" \/>\n<meta property=\"article:modified_time\" content=\"2022-01-17T10:59:44+00:00\" \/>\n<meta name=\"twitter:card\" content=\"summary_large_image\" \/>\n<script type=\"application\/ld+json\" class=\"yoast-schema-graph\">{\"@context\":\"https:\/\/schema.org\",\"@graph\":[{\"@type\":\"WebPage\",\"@id\":\"https:\/\/www.humusformen.de\/?page_id=472\",\"url\":\"https:\/\/www.humusformen.de\/?page_id=472\",\"name\":\"Feinhumusarmer F-Mull - Humusformen\",\"isPartOf\":{\"@id\":\"https:\/\/www.humusformen.de\/#website\"},\"datePublished\":\"2021-11-24T13:00:18+00:00\",\"dateModified\":\"2022-01-17T10:59:44+00:00\",\"breadcrumb\":{\"@id\":\"https:\/\/www.humusformen.de\/?page_id=472#breadcrumb\"},\"inLanguage\":\"de-DE\",\"potentialAction\":[{\"@type\":\"ReadAction\",\"target\":[\"https:\/\/www.humusformen.de\/?page_id=472\"]}]},{\"@type\":\"BreadcrumbList\",\"@id\":\"https:\/\/www.humusformen.de\/?page_id=472#breadcrumb\",\"itemListElement\":[{\"@type\":\"ListItem\",\"position\":1,\"name\":\"Startseite\",\"item\":\"https:\/\/www.humusformen.de\/\"},{\"@type\":\"ListItem\",\"position\":2,\"name\":\"Humusformen\",\"item\":\"https:\/\/www.humusformen.de\/?page_id=113\"},{\"@type\":\"ListItem\",\"position\":3,\"name\":\"Mull-Humusformen\",\"item\":\"https:\/\/www.humusformen.de\/?page_id=168\"},{\"@type\":\"ListItem\",\"position\":4,\"name\":\"F-Mull\",\"item\":\"https:\/\/www.humusformen.de\/?page_id=244\"},{\"@type\":\"ListItem\",\"position\":5,\"name\":\"Feinhumusarmer F-Mull\"}]},{\"@type\":\"WebSite\",\"@id\":\"https:\/\/www.humusformen.de\/#website\",\"url\":\"https:\/\/www.humusformen.de\/\",\"name\":\"Humusformen\",\"description\":\"AG Humusformen der Deutschen Bodenkundlichen Gesellschaft\",\"potentialAction\":[{\"@type\":\"SearchAction\",\"target\":{\"@type\":\"EntryPoint\",\"urlTemplate\":\"https:\/\/www.humusformen.de\/?s={search_term_string}\"},\"query-input\":\"required name=search_term_string\"}],\"inLanguage\":\"de-DE\"}]}<\/script>\n<!-- \/ Yoast SEO plugin. -->","yoast_head_json":{"title":"Feinhumusarmer F-Mull - Humusformen","robots":{"index":"index","follow":"follow","max-snippet":"max-snippet:-1","max-image-preview":"max-image-preview:large","max-video-preview":"max-video-preview:-1"},"canonical":"https:\/\/www.humusformen.de\/?page_id=472","og_locale":"de_DE","og_type":"article","og_title":"Feinhumusarmer F-Mull - Humusformen","og_description":"Bei gutem biologischem Bodenzustand wird die Streu innerhalb von 2 \u2013 3 Jahren abgebaut und in den Mineralboden eingearbeitet. Der feinhumusarme (10 \u2013 &lt; 30 Vol.-%) stets lockere bis schwach verklebte Olf-Horizont ist ganzj\u00e4hrig und fl\u00e4chenhaft vorhanden. Die Streu ist &hellip; Weiterlesen &rarr;","og_url":"https:\/\/www.humusformen.de\/?page_id=472","og_site_name":"Humusformen","article_modified_time":"2022-01-17T10:59:44+00:00","twitter_card":"summary_large_image","schema":{"@context":"https:\/\/schema.org","@graph":[{"@type":"WebPage","@id":"https:\/\/www.humusformen.de\/?page_id=472","url":"https:\/\/www.humusformen.de\/?page_id=472","name":"Feinhumusarmer F-Mull - Humusformen","isPartOf":{"@id":"https:\/\/www.humusformen.de\/#website"},"datePublished":"2021-11-24T13:00:18+00:00","dateModified":"2022-01-17T10:59:44+00:00","breadcrumb":{"@id":"https:\/\/www.humusformen.de\/?page_id=472#breadcrumb"},"inLanguage":"de-DE","potentialAction":[{"@type":"ReadAction","target":["https:\/\/www.humusformen.de\/?page_id=472"]}]},{"@type":"BreadcrumbList","@id":"https:\/\/www.humusformen.de\/?page_id=472#breadcrumb","itemListElement":[{"@type":"ListItem","position":1,"name":"Startseite","item":"https:\/\/www.humusformen.de\/"},{"@type":"ListItem","position":2,"name":"Humusformen","item":"https:\/\/www.humusformen.de\/?page_id=113"},{"@type":"ListItem","position":3,"name":"Mull-Humusformen","item":"https:\/\/www.humusformen.de\/?page_id=168"},{"@type":"ListItem","position":4,"name":"F-Mull","item":"https:\/\/www.humusformen.de\/?page_id=244"},{"@type":"ListItem","position":5,"name":"Feinhumusarmer F-Mull"}]},{"@type":"WebSite","@id":"https:\/\/www.humusformen.de\/#website","url":"https:\/\/www.humusformen.de\/","name":"Humusformen","description":"AG Humusformen der Deutschen Bodenkundlichen Gesellschaft","potentialAction":[{"@type":"SearchAction","target":{"@type":"EntryPoint","urlTemplate":"https:\/\/www.humusformen.de\/?s={search_term_string}"},"query-input":"required name=search_term_string"}],"inLanguage":"de-DE"}]}},"_links":{"self":[{"href":"https:\/\/www.humusformen.de\/index.php?rest_route=\/wp\/v2\/pages\/472"}],"collection":[{"href":"https:\/\/www.humusformen.de\/index.php?rest_route=\/wp\/v2\/pages"}],"about":[{"href":"https:\/\/www.humusformen.de\/index.php?rest_route=\/wp\/v2\/types\/page"}],"author":[{"embeddable":true,"href":"https:\/\/www.humusformen.de\/index.php?rest_route=\/wp\/v2\/users\/1"}],"replies":[{"embeddable":true,"href":"https:\/\/www.humusformen.de\/index.php?rest_route=%2Fwp%2Fv2%2Fcomments&post=472"}],"version-history":[{"count":4,"href":"https:\/\/www.humusformen.de\/index.php?rest_route=\/wp\/v2\/pages\/472\/revisions"}],"predecessor-version":[{"id":1012,"href":"https:\/\/www.humusformen.de\/index.php?rest_route=\/wp\/v2\/pages\/472\/revisions\/1012"}],"up":[{"embeddable":true,"href":"https:\/\/www.humusformen.de\/index.php?rest_route=\/wp\/v2\/pages\/244"}],"wp:attachment":[{"href":"https:\/\/www.humusformen.de\/index.php?rest_route=%2Fwp%2Fv2%2Fmedia&parent=472"}],"curies":[{"name":"wp","href":"https:\/\/api.w.org\/{rel}","templated":true}]}}