{"id":257,"date":"2021-11-10T06:54:23","date_gmt":"2021-11-10T05:54:23","guid":{"rendered":"https:\/\/www.humusformen.de\/?page_id=257"},"modified":"2023-09-13T16:24:39","modified_gmt":"2023-09-13T14:24:39","slug":"anmoor","status":"publish","type":"page","link":"https:\/\/www.humusformen.de\/?page_id=257","title":{"rendered":"Anmoor"},"content":{"rendered":"<p>Anmoor ist eine hydromorphe Mineralbodenhumusform, die unter dem Einfluss von langfristig hoch anstehendem Stau- oder Grundwasser entsteht (Grundn\u00e4ssestufe GNS6.1). Die C<sub>org<\/sub>-Gehalte liegen zwischen 8 und 15 Masse-% im meist 20\u00a0\u2013\u00a040\u00a0cm m\u00e4chtigen Aa-Horizont. Ein Auflagehumus fehlt in der typischen Ausbildungsform. Auflagehorizonte \u00fcber dem Aa-Horizont sind in der Regel durch Ver\u00e4nderungen des Wasser- und N\u00e4hrstoffhaushalts bedingt. Der Aa-Horizont besteht aus einer dunkel gef\u00e4rbten Mischung von mineralischer Substanz und fein verteilter organischer Substanz. Auf Ebene der Variet\u00e4t kann die Humusform Anmoor durch Einstufung der Stickstoffversorgung (oligotroph, mesotroph und eutroph, s. Tabelle B\u2011102) und des pH-Wertes weiter untergliedert werden. Die Ber\u00fccksichtigung der Vegetation ist hierbei hilfreich.<\/p>\n<p><strong>OA\u00a0\u00a0\u00a0\u00a0\u00a0\u00a0\u00a0\u00a0\u00a0\u00a0\u00a0\u00a0\u00a0\u00a0\u00a0\u00a0\u00a0 Typ Anmoor<\/strong><\/p>\n<ul>\n<li>Aa-Horizont (Go-Aa, Aa-Go, Sw-Aa) vorhanden und<\/li>\n<li>Oberboden fast ganzj\u00e4hrig wasserges\u00e4ttigt, zeitweise \u00fcberstaut<\/li>\n<\/ul>\n<blockquote>\n<div id=\"attachment_864\" style=\"width: 310px\" class=\"wp-caption aligncenter\"><a href=\"https:\/\/www.humusformen.de\/wp-content\/uploads\/2021\/12\/anmoor.jpg\"><img loading=\"lazy\" decoding=\"async\" aria-describedby=\"caption-attachment-864\" class=\"wp-image-864 size-medium\" src=\"https:\/\/www.humusformen.de\/wp-content\/uploads\/2021\/12\/anmoor-300x225.jpg\" alt=\"\" width=\"300\" height=\"225\" srcset=\"https:\/\/www.humusformen.de\/wp-content\/uploads\/2021\/12\/anmoor-300x225.jpg 300w, https:\/\/www.humusformen.de\/wp-content\/uploads\/2021\/12\/anmoor-400x300.jpg 400w, https:\/\/www.humusformen.de\/wp-content\/uploads\/2021\/12\/anmoor.jpg 640w\" sizes=\"(max-width: 300px) 100vw, 300px\" \/><\/a><p id=\"caption-attachment-864\" class=\"wp-caption-text\">Humusform Anmoor mit Ol \/ Of \/<br \/>Go-Aa-Horizontfolge, basenreicher Anmoorgley mit schnell zersetzbarer Laubstreu, \u00a9 Gerhard Milbert<\/p><\/div>\n<p style=\"text-align: center;\">\n<\/blockquote>\n","protected":false},"excerpt":{"rendered":"<p>Anmoor ist eine hydromorphe Mineralbodenhumusform, die unter dem Einfluss von langfristig hoch anstehendem Stau- oder Grundwasser entsteht (Grundn\u00e4ssestufe GNS6.1). Die Corg-Gehalte liegen zwischen 8 und 15 Masse-% im meist 20\u00a0\u2013\u00a040\u00a0cm m\u00e4chtigen Aa-Horizont. Ein Auflagehumus fehlt in der typischen Ausbildungsform. Auflagehorizonte &hellip; <a href=\"https:\/\/www.humusformen.de\/?page_id=257\">Weiterlesen <span class=\"meta-nav\">&rarr;<\/span><\/a><\/p>\n","protected":false},"author":1,"featured_media":0,"parent":176,"menu_order":1,"comment_status":"closed","ping_status":"closed","template":"","meta":{"footnotes":""},"yoast_head":"<!-- This site is optimized with the Yoast SEO plugin v21.7 - https:\/\/yoast.com\/wordpress\/plugins\/seo\/ -->\n<title>Anmoor - Humusformen<\/title>\n<meta name=\"robots\" content=\"index, follow, max-snippet:-1, max-image-preview:large, max-video-preview:-1\" \/>\n<link rel=\"canonical\" href=\"https:\/\/www.humusformen.de\/?page_id=257\" \/>\n<meta property=\"og:locale\" content=\"de_DE\" \/>\n<meta property=\"og:type\" content=\"article\" \/>\n<meta property=\"og:title\" content=\"Anmoor - Humusformen\" \/>\n<meta property=\"og:description\" content=\"Anmoor ist eine hydromorphe Mineralbodenhumusform, die unter dem Einfluss von langfristig hoch anstehendem Stau- oder Grundwasser entsteht (Grundn\u00e4ssestufe GNS6.1). Die Corg-Gehalte liegen zwischen 8 und 15 Masse-% im meist 20\u00a0\u2013\u00a040\u00a0cm m\u00e4chtigen Aa-Horizont. Ein Auflagehumus fehlt in der typischen Ausbildungsform. Auflagehorizonte &hellip; Weiterlesen &rarr;\" \/>\n<meta property=\"og:url\" content=\"https:\/\/www.humusformen.de\/?page_id=257\" \/>\n<meta property=\"og:site_name\" content=\"Humusformen\" \/>\n<meta property=\"article:modified_time\" content=\"2023-09-13T14:24:39+00:00\" \/>\n<meta property=\"og:image\" content=\"https:\/\/www.humusformen.de\/wp-content\/uploads\/2021\/12\/anmoor-300x225.jpg\" \/>\n<meta name=\"twitter:card\" content=\"summary_large_image\" \/>\n<meta name=\"twitter:label1\" content=\"Gesch\u00e4tzte Lesezeit\" \/>\n\t<meta name=\"twitter:data1\" content=\"1 Minute\" \/>\n<script type=\"application\/ld+json\" class=\"yoast-schema-graph\">{\"@context\":\"https:\/\/schema.org\",\"@graph\":[{\"@type\":\"WebPage\",\"@id\":\"https:\/\/www.humusformen.de\/?page_id=257\",\"url\":\"https:\/\/www.humusformen.de\/?page_id=257\",\"name\":\"Anmoor - Humusformen\",\"isPartOf\":{\"@id\":\"https:\/\/www.humusformen.de\/#website\"},\"datePublished\":\"2021-11-10T05:54:23+00:00\",\"dateModified\":\"2023-09-13T14:24:39+00:00\",\"breadcrumb\":{\"@id\":\"https:\/\/www.humusformen.de\/?page_id=257#breadcrumb\"},\"inLanguage\":\"de-DE\",\"potentialAction\":[{\"@type\":\"ReadAction\",\"target\":[\"https:\/\/www.humusformen.de\/?page_id=257\"]}]},{\"@type\":\"BreadcrumbList\",\"@id\":\"https:\/\/www.humusformen.de\/?page_id=257#breadcrumb\",\"itemListElement\":[{\"@type\":\"ListItem\",\"position\":1,\"name\":\"Startseite\",\"item\":\"https:\/\/www.humusformen.de\/\"},{\"@type\":\"ListItem\",\"position\":2,\"name\":\"Humusformen\",\"item\":\"https:\/\/www.humusformen.de\/?page_id=113\"},{\"@type\":\"ListItem\",\"position\":3,\"name\":\"Hydromorphe Humusformen\",\"item\":\"https:\/\/www.humusformen.de\/?page_id=176\"},{\"@type\":\"ListItem\",\"position\":4,\"name\":\"Anmoor\"}]},{\"@type\":\"WebSite\",\"@id\":\"https:\/\/www.humusformen.de\/#website\",\"url\":\"https:\/\/www.humusformen.de\/\",\"name\":\"Humusformen\",\"description\":\"AG Humusformen der Deutschen Bodenkundlichen Gesellschaft\",\"potentialAction\":[{\"@type\":\"SearchAction\",\"target\":{\"@type\":\"EntryPoint\",\"urlTemplate\":\"https:\/\/www.humusformen.de\/?s={search_term_string}\"},\"query-input\":\"required name=search_term_string\"}],\"inLanguage\":\"de-DE\"}]}<\/script>\n<!-- \/ Yoast SEO plugin. -->","yoast_head_json":{"title":"Anmoor - Humusformen","robots":{"index":"index","follow":"follow","max-snippet":"max-snippet:-1","max-image-preview":"max-image-preview:large","max-video-preview":"max-video-preview:-1"},"canonical":"https:\/\/www.humusformen.de\/?page_id=257","og_locale":"de_DE","og_type":"article","og_title":"Anmoor - Humusformen","og_description":"Anmoor ist eine hydromorphe Mineralbodenhumusform, die unter dem Einfluss von langfristig hoch anstehendem Stau- oder Grundwasser entsteht (Grundn\u00e4ssestufe GNS6.1). Die Corg-Gehalte liegen zwischen 8 und 15 Masse-% im meist 20\u00a0\u2013\u00a040\u00a0cm m\u00e4chtigen Aa-Horizont. Ein Auflagehumus fehlt in der typischen Ausbildungsform. Auflagehorizonte &hellip; Weiterlesen &rarr;","og_url":"https:\/\/www.humusformen.de\/?page_id=257","og_site_name":"Humusformen","article_modified_time":"2023-09-13T14:24:39+00:00","og_image":[{"url":"https:\/\/www.humusformen.de\/wp-content\/uploads\/2021\/12\/anmoor-300x225.jpg"}],"twitter_card":"summary_large_image","twitter_misc":{"Gesch\u00e4tzte Lesezeit":"1 Minute"},"schema":{"@context":"https:\/\/schema.org","@graph":[{"@type":"WebPage","@id":"https:\/\/www.humusformen.de\/?page_id=257","url":"https:\/\/www.humusformen.de\/?page_id=257","name":"Anmoor - Humusformen","isPartOf":{"@id":"https:\/\/www.humusformen.de\/#website"},"datePublished":"2021-11-10T05:54:23+00:00","dateModified":"2023-09-13T14:24:39+00:00","breadcrumb":{"@id":"https:\/\/www.humusformen.de\/?page_id=257#breadcrumb"},"inLanguage":"de-DE","potentialAction":[{"@type":"ReadAction","target":["https:\/\/www.humusformen.de\/?page_id=257"]}]},{"@type":"BreadcrumbList","@id":"https:\/\/www.humusformen.de\/?page_id=257#breadcrumb","itemListElement":[{"@type":"ListItem","position":1,"name":"Startseite","item":"https:\/\/www.humusformen.de\/"},{"@type":"ListItem","position":2,"name":"Humusformen","item":"https:\/\/www.humusformen.de\/?page_id=113"},{"@type":"ListItem","position":3,"name":"Hydromorphe Humusformen","item":"https:\/\/www.humusformen.de\/?page_id=176"},{"@type":"ListItem","position":4,"name":"Anmoor"}]},{"@type":"WebSite","@id":"https:\/\/www.humusformen.de\/#website","url":"https:\/\/www.humusformen.de\/","name":"Humusformen","description":"AG Humusformen der Deutschen Bodenkundlichen Gesellschaft","potentialAction":[{"@type":"SearchAction","target":{"@type":"EntryPoint","urlTemplate":"https:\/\/www.humusformen.de\/?s={search_term_string}"},"query-input":"required name=search_term_string"}],"inLanguage":"de-DE"}]}},"_links":{"self":[{"href":"https:\/\/www.humusformen.de\/index.php?rest_route=\/wp\/v2\/pages\/257"}],"collection":[{"href":"https:\/\/www.humusformen.de\/index.php?rest_route=\/wp\/v2\/pages"}],"about":[{"href":"https:\/\/www.humusformen.de\/index.php?rest_route=\/wp\/v2\/types\/page"}],"author":[{"embeddable":true,"href":"https:\/\/www.humusformen.de\/index.php?rest_route=\/wp\/v2\/users\/1"}],"replies":[{"embeddable":true,"href":"https:\/\/www.humusformen.de\/index.php?rest_route=%2Fwp%2Fv2%2Fcomments&post=257"}],"version-history":[{"count":6,"href":"https:\/\/www.humusformen.de\/index.php?rest_route=\/wp\/v2\/pages\/257\/revisions"}],"predecessor-version":[{"id":1069,"href":"https:\/\/www.humusformen.de\/index.php?rest_route=\/wp\/v2\/pages\/257\/revisions\/1069"}],"up":[{"embeddable":true,"href":"https:\/\/www.humusformen.de\/index.php?rest_route=\/wp\/v2\/pages\/176"}],"wp:attachment":[{"href":"https:\/\/www.humusformen.de\/index.php?rest_route=%2Fwp%2Fv2%2Fmedia&parent=257"}],"curies":[{"name":"wp","href":"https:\/\/api.w.org\/{rel}","templated":true}]}}