{"id":148,"date":"2021-11-07T17:48:53","date_gmt":"2021-11-07T16:48:53","guid":{"rendered":"https:\/\/www.humusformen.de\/?page_id=148"},"modified":"2023-09-13T15:33:17","modified_gmt":"2023-09-13T13:33:17","slug":"o-horizonte","status":"publish","type":"page","link":"https:\/\/www.humusformen.de\/?page_id=148","title":{"rendered":"O-Horizonte"},"content":{"rendered":"<p><strong>Ol\u00a0\u00a0\u00a0\u00a0\u00a0\u00a0\u00a0\u00a0\u00a0\u00a0 O-Horizont<br \/>\n<\/strong> besteht fast ausschlie\u00dflich aus nicht oder wenig zersetzter abgestorbener pflanzlicher Biomasse, z. T. punktiert, gefleckt, gebr\u00e4unt, gewellt, schwach rissig, l\u00f6chrig und ausgekerbt. [l von Litter].<\/p>\n<ul>\n<li>Anteil organischer Feinsubstanz &lt; 10 Vol.-%<\/li>\n<li>weitere Untergliederung: <strong><a href=\"https:\/\/www.humusformen.de\/?page_id=331\" rel=\"nofollow \">Ol-Horizonte<\/a><\/strong><\/li>\n<\/ul>\n<div id=\"attachment_61\" style=\"width: 310px\" class=\"wp-caption aligncenter\"><a href=\"https:\/\/www.humusformen.de\/wp-content\/uploads\/2021\/11\/L-Horizont-scaled.jpg\"><img loading=\"lazy\" decoding=\"async\" aria-describedby=\"caption-attachment-61\" class=\"wp-image-61 size-medium\" src=\"https:\/\/www.humusformen.de\/wp-content\/uploads\/2021\/11\/L-Horizont-300x225.jpg\" alt=\"\" width=\"300\" height=\"225\" srcset=\"https:\/\/www.humusformen.de\/wp-content\/uploads\/2021\/11\/L-Horizont-300x225.jpg 300w, https:\/\/www.humusformen.de\/wp-content\/uploads\/2021\/11\/L-Horizont-1024x768.jpg 1024w, https:\/\/www.humusformen.de\/wp-content\/uploads\/2021\/11\/L-Horizont-768x576.jpg 768w, https:\/\/www.humusformen.de\/wp-content\/uploads\/2021\/11\/L-Horizont-1536x1152.jpg 1536w, https:\/\/www.humusformen.de\/wp-content\/uploads\/2021\/11\/L-Horizont-2048x1536.jpg 2048w, https:\/\/www.humusformen.de\/wp-content\/uploads\/2021\/11\/L-Horizont-400x300.jpg 400w\" sizes=\"(max-width: 300px) 100vw, 300px\" \/><\/a><p id=\"caption-attachment-61\" class=\"wp-caption-text\"><em>Ol-Horizont aus frisch gefallener Buchenlaubstreu,<\/em><br \/><em>\u00a9 Gerhard Milbert, AG Humusformen<\/em><\/p><\/div>\n<p style=\"text-align: center;\">\n<p><strong>Of\u00a0\u00a0\u00a0\u00a0\u00a0\u00a0\u00a0\u00a0\u00a0\u00a0 O-Horizont<\/strong><br \/>\nbestehend aus abgestorbener pflanzlicher Biomasse, st\u00e4rker zerkleinert als im Ol-Horizont. Spross-, Bl\u00e4tter- und Nadelreste sind zerkleinert, skelettiert, fragmentiert bis rudimentiert, meist gebleicht bis vergraut. Lagerungsform der Blattreste: locker, verklebt oder stapelartig. Lagerungsform der Nadelreste: locker, vernetzt bis verfilzt. Organische Feinsubstanz ist deutlich erkennbar [f von fragmentiert].<\/p>\n<ul>\n<li>Anteil organischer Feinsubstanz 10 \u2013 &lt; 70 Vol.-%<\/li>\n<li>weitere Untergliederung:<a title=\"Of-Horizonte\" href=\"https:\/\/www.humusformen.de\/?page_id=334\" rel=\"nofollow \"><strong>Of-Horizonte<\/strong><\/a><\/li>\n<\/ul>\n<blockquote>\n<div id=\"attachment_743\" style=\"width: 384px\" class=\"wp-caption aligncenter\"><a href=\"https:\/\/www.humusformen.de\/wp-content\/uploads\/2021\/12\/Pilzhyphen-im-Of.jpg\"><img loading=\"lazy\" decoding=\"async\" aria-describedby=\"caption-attachment-743\" class=\"wp-image-743 \" src=\"https:\/\/www.humusformen.de\/wp-content\/uploads\/2021\/12\/Pilzhyphen-im-Of-300x225.jpg\" alt=\"\" width=\"374\" height=\"285\" \/><\/a><p id=\"caption-attachment-743\" class=\"wp-caption-text\">Of-Horizont, feinhumusarm, mit Pilzmycel und Kotb\u00e4llchen, \u00a9 Jan Evers<\/p><\/div><\/blockquote>\n<p><strong>Oh\u00a0\u00a0\u00a0\u00a0\u00a0\u00a0\u00a0\u00a0\u00a0 O-Horizont<\/strong><br \/>\nvorherrschend aus organischer Feinsubstanz, nur wenige Anteile von makroskopisch erkennbaren Resten der abgestorbenen pflanzlichen Biomasse erkennbar [h von humifiziert].<\/p>\n<ul>\n<li>Anteil organischer Feinsubstanz \u2265 70 Vol.-%<\/li>\n<li>Bildung von Oh-Abweichungshorizonten<\/li>\n<li>weitere Untergliederung: <a href=\"https:\/\/www.humusformen.de\/?page_id=337\" rel=\"nofollow \"><strong>Oh-Horizonte<\/strong><\/a><\/li>\n<\/ul>\n","protected":false},"excerpt":{"rendered":"<p>Ol\u00a0\u00a0\u00a0\u00a0\u00a0\u00a0\u00a0\u00a0\u00a0\u00a0 O-Horizont besteht fast ausschlie\u00dflich aus nicht oder wenig zersetzter abgestorbener pflanzlicher Biomasse, z. T. punktiert, gefleckt, gebr\u00e4unt, gewellt, schwach rissig, l\u00f6chrig und ausgekerbt. [l von Litter]. Anteil organischer Feinsubstanz &lt; 10 Vol.-% weitere Untergliederung: Ol-Horizonte Of\u00a0\u00a0\u00a0\u00a0\u00a0\u00a0\u00a0\u00a0\u00a0\u00a0 O-Horizont bestehend aus &hellip; <a href=\"https:\/\/www.humusformen.de\/?page_id=148\">Weiterlesen <span class=\"meta-nav\">&rarr;<\/span><\/a><\/p>\n","protected":false},"author":1,"featured_media":0,"parent":109,"menu_order":1,"comment_status":"closed","ping_status":"closed","template":"","meta":{"footnotes":""},"yoast_head":"<!-- This site is optimized with the Yoast SEO plugin v21.7 - https:\/\/yoast.com\/wordpress\/plugins\/seo\/ -->\n<title>O-Horizonte - Humusformen<\/title>\n<meta name=\"robots\" content=\"index, follow, max-snippet:-1, max-image-preview:large, max-video-preview:-1\" \/>\n<link rel=\"canonical\" href=\"https:\/\/www.humusformen.de\/?page_id=148\" \/>\n<meta property=\"og:locale\" content=\"de_DE\" \/>\n<meta property=\"og:type\" content=\"article\" \/>\n<meta property=\"og:title\" content=\"O-Horizonte - Humusformen\" \/>\n<meta property=\"og:description\" content=\"Ol\u00a0\u00a0\u00a0\u00a0\u00a0\u00a0\u00a0\u00a0\u00a0\u00a0 O-Horizont besteht fast ausschlie\u00dflich aus nicht oder wenig zersetzter abgestorbener pflanzlicher Biomasse, z. T. punktiert, gefleckt, gebr\u00e4unt, gewellt, schwach rissig, l\u00f6chrig und ausgekerbt. [l von Litter]. Anteil organischer Feinsubstanz &lt; 10 Vol.-% weitere Untergliederung: Ol-Horizonte Of\u00a0\u00a0\u00a0\u00a0\u00a0\u00a0\u00a0\u00a0\u00a0\u00a0 O-Horizont bestehend aus &hellip; Weiterlesen &rarr;\" \/>\n<meta property=\"og:url\" content=\"https:\/\/www.humusformen.de\/?page_id=148\" \/>\n<meta property=\"og:site_name\" content=\"Humusformen\" \/>\n<meta property=\"article:modified_time\" content=\"2023-09-13T13:33:17+00:00\" \/>\n<meta property=\"og:image\" content=\"https:\/\/www.humusformen.de\/wp-content\/uploads\/2021\/11\/L-Horizont-300x225.jpg\" \/>\n<meta name=\"twitter:card\" content=\"summary_large_image\" \/>\n<meta name=\"twitter:label1\" content=\"Gesch\u00e4tzte Lesezeit\" \/>\n\t<meta name=\"twitter:data1\" content=\"1 Minute\" \/>\n<script type=\"application\/ld+json\" class=\"yoast-schema-graph\">{\"@context\":\"https:\/\/schema.org\",\"@graph\":[{\"@type\":\"WebPage\",\"@id\":\"https:\/\/www.humusformen.de\/?page_id=148\",\"url\":\"https:\/\/www.humusformen.de\/?page_id=148\",\"name\":\"O-Horizonte - Humusformen\",\"isPartOf\":{\"@id\":\"https:\/\/www.humusformen.de\/#website\"},\"datePublished\":\"2021-11-07T16:48:53+00:00\",\"dateModified\":\"2023-09-13T13:33:17+00:00\",\"breadcrumb\":{\"@id\":\"https:\/\/www.humusformen.de\/?page_id=148#breadcrumb\"},\"inLanguage\":\"de-DE\",\"potentialAction\":[{\"@type\":\"ReadAction\",\"target\":[\"https:\/\/www.humusformen.de\/?page_id=148\"]}]},{\"@type\":\"BreadcrumbList\",\"@id\":\"https:\/\/www.humusformen.de\/?page_id=148#breadcrumb\",\"itemListElement\":[{\"@type\":\"ListItem\",\"position\":1,\"name\":\"Startseite\",\"item\":\"https:\/\/www.humusformen.de\/\"},{\"@type\":\"ListItem\",\"position\":2,\"name\":\"Horizonte\",\"item\":\"https:\/\/www.humusformen.de\/?page_id=109\"},{\"@type\":\"ListItem\",\"position\":3,\"name\":\"O-Horizonte\"}]},{\"@type\":\"WebSite\",\"@id\":\"https:\/\/www.humusformen.de\/#website\",\"url\":\"https:\/\/www.humusformen.de\/\",\"name\":\"Humusformen\",\"description\":\"AG Humusformen der Deutschen Bodenkundlichen Gesellschaft\",\"potentialAction\":[{\"@type\":\"SearchAction\",\"target\":{\"@type\":\"EntryPoint\",\"urlTemplate\":\"https:\/\/www.humusformen.de\/?s={search_term_string}\"},\"query-input\":\"required name=search_term_string\"}],\"inLanguage\":\"de-DE\"}]}<\/script>\n<!-- \/ Yoast SEO plugin. -->","yoast_head_json":{"title":"O-Horizonte - Humusformen","robots":{"index":"index","follow":"follow","max-snippet":"max-snippet:-1","max-image-preview":"max-image-preview:large","max-video-preview":"max-video-preview:-1"},"canonical":"https:\/\/www.humusformen.de\/?page_id=148","og_locale":"de_DE","og_type":"article","og_title":"O-Horizonte - Humusformen","og_description":"Ol\u00a0\u00a0\u00a0\u00a0\u00a0\u00a0\u00a0\u00a0\u00a0\u00a0 O-Horizont besteht fast ausschlie\u00dflich aus nicht oder wenig zersetzter abgestorbener pflanzlicher Biomasse, z. T. punktiert, gefleckt, gebr\u00e4unt, gewellt, schwach rissig, l\u00f6chrig und ausgekerbt. [l von Litter]. Anteil organischer Feinsubstanz &lt; 10 Vol.-% weitere Untergliederung: Ol-Horizonte Of\u00a0\u00a0\u00a0\u00a0\u00a0\u00a0\u00a0\u00a0\u00a0\u00a0 O-Horizont bestehend aus &hellip; Weiterlesen &rarr;","og_url":"https:\/\/www.humusformen.de\/?page_id=148","og_site_name":"Humusformen","article_modified_time":"2023-09-13T13:33:17+00:00","og_image":[{"url":"https:\/\/www.humusformen.de\/wp-content\/uploads\/2021\/11\/L-Horizont-300x225.jpg"}],"twitter_card":"summary_large_image","twitter_misc":{"Gesch\u00e4tzte Lesezeit":"1 Minute"},"schema":{"@context":"https:\/\/schema.org","@graph":[{"@type":"WebPage","@id":"https:\/\/www.humusformen.de\/?page_id=148","url":"https:\/\/www.humusformen.de\/?page_id=148","name":"O-Horizonte - Humusformen","isPartOf":{"@id":"https:\/\/www.humusformen.de\/#website"},"datePublished":"2021-11-07T16:48:53+00:00","dateModified":"2023-09-13T13:33:17+00:00","breadcrumb":{"@id":"https:\/\/www.humusformen.de\/?page_id=148#breadcrumb"},"inLanguage":"de-DE","potentialAction":[{"@type":"ReadAction","target":["https:\/\/www.humusformen.de\/?page_id=148"]}]},{"@type":"BreadcrumbList","@id":"https:\/\/www.humusformen.de\/?page_id=148#breadcrumb","itemListElement":[{"@type":"ListItem","position":1,"name":"Startseite","item":"https:\/\/www.humusformen.de\/"},{"@type":"ListItem","position":2,"name":"Horizonte","item":"https:\/\/www.humusformen.de\/?page_id=109"},{"@type":"ListItem","position":3,"name":"O-Horizonte"}]},{"@type":"WebSite","@id":"https:\/\/www.humusformen.de\/#website","url":"https:\/\/www.humusformen.de\/","name":"Humusformen","description":"AG Humusformen der Deutschen Bodenkundlichen Gesellschaft","potentialAction":[{"@type":"SearchAction","target":{"@type":"EntryPoint","urlTemplate":"https:\/\/www.humusformen.de\/?s={search_term_string}"},"query-input":"required name=search_term_string"}],"inLanguage":"de-DE"}]}},"_links":{"self":[{"href":"https:\/\/www.humusformen.de\/index.php?rest_route=\/wp\/v2\/pages\/148"}],"collection":[{"href":"https:\/\/www.humusformen.de\/index.php?rest_route=\/wp\/v2\/pages"}],"about":[{"href":"https:\/\/www.humusformen.de\/index.php?rest_route=\/wp\/v2\/types\/page"}],"author":[{"embeddable":true,"href":"https:\/\/www.humusformen.de\/index.php?rest_route=\/wp\/v2\/users\/1"}],"replies":[{"embeddable":true,"href":"https:\/\/www.humusformen.de\/index.php?rest_route=%2Fwp%2Fv2%2Fcomments&post=148"}],"version-history":[{"count":18,"href":"https:\/\/www.humusformen.de\/index.php?rest_route=\/wp\/v2\/pages\/148\/revisions"}],"predecessor-version":[{"id":1043,"href":"https:\/\/www.humusformen.de\/index.php?rest_route=\/wp\/v2\/pages\/148\/revisions\/1043"}],"up":[{"embeddable":true,"href":"https:\/\/www.humusformen.de\/index.php?rest_route=\/wp\/v2\/pages\/109"}],"wp:attachment":[{"href":"https:\/\/www.humusformen.de\/index.php?rest_route=%2Fwp%2Fv2%2Fmedia&parent=148"}],"curies":[{"name":"wp","href":"https:\/\/api.w.org\/{rel}","templated":true}]}}